{"id":3655,"date":"2025-05-05T19:44:44","date_gmt":"2025-05-05T19:44:44","guid":{"rendered":"https:\/\/peopleofcostarica.com\/?post_type=people-of-costa-rica&#038;p=3655"},"modified":"2025-05-13T02:57:35","modified_gmt":"2025-05-13T02:57:35","slug":"dance-as-if-no-one-is-watchingdanse-comme-si-personne-ne-te-regardaitdance-as-if-no-one-is-watching","status":"publish","type":"people-of-costa-rica","link":"https:\/\/peopleofcostarica.com\/fr\/people-of-costa-rica\/dance-as-if-no-one-is-watchingdanse-comme-si-personne-ne-te-regardaitdance-as-if-no-one-is-watching\/","title":{"rendered":"Dance as if no one is watchingDanse comme si personne ne te regardaitDance as if no one is watching"},"content":{"rendered":"\n<p>San Jos\u00e9 Centro est un endroit chaotique et complexe. Environ 2 millions de personnes traversent l&rsquo;Avenida Central chaque jour, la plupart dans le cadre de leur trajet quotidien.<\/p>\n\n\n\n<p>Cependant, il a une ambiance tr\u00e8s diff\u00e9rente des autres capitales du monde (du moins pour moi). L&rsquo;esprit du lieu est un peu plus color\u00e9 et \u00e9nergique.<\/p>\n\n\n\n<p>Bien que d\u00e9sordonn\u00e9e, souvent remplie de d\u00e9chets et marqu\u00e9e par une cacophonie de sons et d\u2019odeurs, la ville poss\u00e8de un certain rythme. Et beaucoup ont fait de ses rues leur domaine.<\/p>\n\n\n\n<p>Certaines personnes sans abri sont connues par leur nom ou leur surnom. Si int\u00e9gr\u00e9es dans le paysage urbain que chaque fois que l&rsquo;on visite \u00ab Chepe \u00bb, on s&rsquo;attend \u00e0 les voir l\u00e0.<\/p>\n\n\n\n<p>Et ainsi, pendant de brefs instants, le bonheur les envahit, les arrachant \u00e0 leurs pr\u00e9occupations et besoins quotidiens.<\/p>\n\n\n\n<p>Je pense qu&rsquo;il est important de pouvoir \u00eatre soi-m\u00eame, de retirer le masque et la persona que nous pr\u00e9sentons au monde. Ces personnes, bien que souvent perdues dans leurs pens\u00e9es, sont tr\u00e8s authentiques et r\u00e9elles, dansant lorsque leur corps en ressent le besoin.<\/p>\n","protected":false},"excerpt":{"rendered":"<p>San Jos\u00e9 Centro est un endroit chaotique et complexe. Environ 2 millions de personnes traversent l&rsquo;Avenida Central chaque jour, la plupart dans le cadre de leur trajet quotidien. Cependant, il a une ambiance tr\u00e8s diff\u00e9rente des autres capitales du monde (du moins pour moi). L&rsquo;esprit du lieu est un peu plus color\u00e9 et \u00e9nergique. Bien [&hellip;]<\/p>\n","protected":false},"featured_media":565,"template":"","class_list":["post-3655","people-of-costa-rica","type-people-of-costa-rica","status-publish","has-post-thumbnail","hentry"],"_links":{"self":[{"href":"https:\/\/peopleofcostarica.com\/fr\/wp-json\/wp\/v2\/people-of-costa-rica\/3655","targetHints":{"allow":["GET"]}}],"collection":[{"href":"https:\/\/peopleofcostarica.com\/fr\/wp-json\/wp\/v2\/people-of-costa-rica"}],"about":[{"href":"https:\/\/peopleofcostarica.com\/fr\/wp-json\/wp\/v2\/types\/people-of-costa-rica"}],"version-history":[{"count":0,"href":"https:\/\/peopleofcostarica.com\/fr\/wp-json\/wp\/v2\/people-of-costa-rica\/3655\/revisions"}],"wp:featuredmedia":[{"embeddable":true,"href":"https:\/\/peopleofcostarica.com\/fr\/wp-json\/wp\/v2\/media\/565"}],"wp:attachment":[{"href":"https:\/\/peopleofcostarica.com\/fr\/wp-json\/wp\/v2\/media?parent=3655"}],"curies":[{"name":"wp","href":"https:\/\/api.w.org\/{rel}","templated":true}]}}

<p>San José Centro est un endroit chaotique et complexe. Environ 2 millions de personnes traversent l&rsquo;Avenida Central chaque jour, la plupart dans le cadre de leur trajet quotidien.</p>



<p>Cependant, il a une ambiance très différente des autres capitales du monde (du moins pour moi). L&rsquo;esprit du lieu est un peu plus coloré et énergique.</p>



<p>Bien que désordonnée, souvent remplie de déchets et marquée par une cacophonie de sons et d’odeurs, la ville possède un certain rythme. Et beaucoup ont fait de ses rues leur domaine.</p>



<p>Certaines personnes sans abri sont connues par leur nom ou leur surnom. Si intégrées dans le paysage urbain que chaque fois que l&rsquo;on visite « Chepe », on s&rsquo;attend à les voir là.</p>



<p>Et ainsi, pendant de brefs instants, le bonheur les envahit, les arrachant à leurs préoccupations et besoins quotidiens.</p>



<p>Je pense qu&rsquo;il est important de pouvoir être soi-même, de retirer le masque et la persona que nous présentons au monde. Ces personnes, bien que souvent perdues dans leurs pensées, sont très authentiques et réelles, dansant lorsque leur corps en ressent le besoin.</p>

<p>San José Centro est un endroit chaotique et complexe. Environ 2 millions de personnes traversent l&rsquo;Avenida Central chaque jour, la plupart dans le cadre de leur trajet quotidien. Cependant, il a une ambiance très différente des autres capitales du monde (du moins pour moi). L&rsquo;esprit du lieu est un peu plus coloré et énergique. Bien [&hellip;]</p>
