{"id":10598,"date":"2026-03-16T16:03:28","date_gmt":"2026-03-16T16:03:28","guid":{"rendered":"https:\/\/peopleofcostarica.com\/?post_type=people-of-costa-rica&#038;p=10598"},"modified":"2026-03-16T16:11:20","modified_gmt":"2026-03-16T16:11:20","slug":"daily-life-in-san-jose-and-its-inhabitants","status":"publish","type":"people-of-costa-rica","link":"https:\/\/peopleofcostarica.com\/fr\/people-of-costa-rica\/daily-life-in-san-jose-and-its-inhabitants\/","title":{"rendered":"Daily life in San Jos\u00e9 and its inhabitants"},"content":{"rendered":"\n<p>C&rsquo;est une vieille photo. Il y a quelques ann\u00e9es, quand j&rsquo;avais mon commerce \u00e0 San Jos\u00e9, je venais en centre-ville presque tous les jours \u2014 et avec le temps, on finit par conna\u00eetre les personnes qui vivent dans ces rues. J&rsquo;ai toujours voulu raconter leurs histoires, mais jamais en tirer profit.<\/p>\n\n\n\n<p>Il y a certains personnages qui deviennent une partie du paysage urbain : comme un banc us\u00e9, comme une statue de plus que personne ne regarde vraiment. Ils ont leur coin, leur angle de rue, leur routine bien connue. Mais un jour, brusquement, ils ne sont plus l\u00e0. Et on ne peut s&#8217;emp\u00eacher de se demander : o\u00f9 sont-ils maintenant ? Vont-ils bien ? S&rsquo;en sortent-ils mieux ? Que s&rsquo;est-il pass\u00e9 ?<\/p>\n\n\n\n<p>Avec leur absence \u2014 et avec le doute \u2014 na\u00eet quelque chose d&rsquo;inattendu : un int\u00e9r\u00eat sinc\u00e8re pour leur bien-\u00eatre. Car lorsqu&rsquo;on les voyait chaque jour, leur pr\u00e9sence allait de soi. Leur situation, bien que difficile, semblait&nbsp;<em>ordinaire<\/em>, presque dans l&rsquo;ordre naturel des choses.<\/p>\n\n\n\n<p>Et puis vient la question sans r\u00e9ponse simple : peut-on se retrouver \u00e0 vivre dans la rue par choix ? Est-ce de la libert\u00e9 ou un pi\u00e8ge ? De la volont\u00e9 ou de l&rsquo;addiction ? Peut-\u00eatre les deux \u00e0 la fois. Peut-\u00eatre que la fronti\u00e8re entre choisir et ne plus pouvo<\/p>\n","protected":false},"excerpt":{"rendered":"<p>C&rsquo;est une vieille photo. Il y a quelques ann\u00e9es, quand j&rsquo;avais mon commerce \u00e0 San Jos\u00e9, je venais en centre-ville presque tous les jours \u2014 et avec le temps, on finit par conna\u00eetre les personnes qui vivent dans ces rues. J&rsquo;ai toujours voulu raconter leurs histoires, mais jamais en tirer profit. Il y a certains [&hellip;]<\/p>\n","protected":false},"featured_media":10597,"template":"","class_list":["post-10598","people-of-costa-rica","type-people-of-costa-rica","status-publish","has-post-thumbnail","hentry"],"_links":{"self":[{"href":"https:\/\/peopleofcostarica.com\/fr\/wp-json\/wp\/v2\/people-of-costa-rica\/10598","targetHints":{"allow":["GET"]}}],"collection":[{"href":"https:\/\/peopleofcostarica.com\/fr\/wp-json\/wp\/v2\/people-of-costa-rica"}],"about":[{"href":"https:\/\/peopleofcostarica.com\/fr\/wp-json\/wp\/v2\/types\/people-of-costa-rica"}],"version-history":[{"count":1,"href":"https:\/\/peopleofcostarica.com\/fr\/wp-json\/wp\/v2\/people-of-costa-rica\/10598\/revisions"}],"predecessor-version":[{"id":10601,"href":"https:\/\/peopleofcostarica.com\/fr\/wp-json\/wp\/v2\/people-of-costa-rica\/10598\/revisions\/10601"}],"wp:featuredmedia":[{"embeddable":true,"href":"https:\/\/peopleofcostarica.com\/fr\/wp-json\/wp\/v2\/media\/10597"}],"wp:attachment":[{"href":"https:\/\/peopleofcostarica.com\/fr\/wp-json\/wp\/v2\/media?parent=10598"}],"curies":[{"name":"wp","href":"https:\/\/api.w.org\/{rel}","templated":true}]}}

Daily life in San José and its inhabitants

<p>C&rsquo;est une vieille photo. Il y a quelques années, quand j&rsquo;avais mon commerce à San José, je venais en centre-ville presque tous les jours — et avec le temps, on finit par connaître les personnes qui vivent dans ces rues. J&rsquo;ai toujours voulu raconter leurs histoires, mais jamais en tirer profit.</p>



<p>Il y a certains personnages qui deviennent une partie du paysage urbain : comme un banc usé, comme une statue de plus que personne ne regarde vraiment. Ils ont leur coin, leur angle de rue, leur routine bien connue. Mais un jour, brusquement, ils ne sont plus là. Et on ne peut s&#8217;empêcher de se demander : où sont-ils maintenant ? Vont-ils bien ? S&rsquo;en sortent-ils mieux ? Que s&rsquo;est-il passé ?</p>



<p>Avec leur absence — et avec le doute — naît quelque chose d&rsquo;inattendu : un intérêt sincère pour leur bien-être. Car lorsqu&rsquo;on les voyait chaque jour, leur présence allait de soi. Leur situation, bien que difficile, semblait&nbsp;<em>ordinaire</em>, presque dans l&rsquo;ordre naturel des choses.</p>



<p>Et puis vient la question sans réponse simple : peut-on se retrouver à vivre dans la rue par choix ? Est-ce de la liberté ou un piège ? De la volonté ou de l&rsquo;addiction ? Peut-être les deux à la fois. Peut-être que la frontière entre choisir et ne plus pouvo</p>

<p>C&rsquo;est une vieille photo. Il y a quelques années, quand j&rsquo;avais mon commerce à San José, je venais en centre-ville presque tous les jours — et avec le temps, on finit par connaître les personnes qui vivent dans ces rues. J&rsquo;ai toujours voulu raconter leurs histoires, mais jamais en tirer profit. Il y a certains [&hellip;]</p>
