{"id":4159,"date":"2025-05-26T21:05:04","date_gmt":"2025-05-26T21:05:04","guid":{"rendered":"https:\/\/peopleofcostarica.com\/?post_type=agenda&#038;p=4159"},"modified":"2025-05-26T21:05:10","modified_gmt":"2025-05-26T21:05:10","slug":"theatre-a-midi-presente-son-de-tikizia","status":"publish","type":"agenda","link":"https:\/\/peopleofcostarica.com\/fr\/agenda\/theatre-a-midi-presente-son-de-tikizia\/","title":{"rendered":"Th\u00e9\u00e2tre \u00e0 midi pr\u00e9sente Son de Tikizia"},"content":{"rendered":"\n<p>Le Th\u00e9\u00e2tre National accueille le groupe costaricien <em>Son de Tikizia<\/em> dans le cadre du programme Th\u00e9\u00e2tre \u00e0 midi. Ils pr\u00e9senteront leur spectacle <em>\u00ab Sin L\u00edmites \u00bb<\/em>, d\u00e9di\u00e9 au lancement de leur nouvelle production musicale.<\/p>\n\n\n\n<p><strong>Liste des membres (cr\u00e9dits) :<\/strong><\/p>\n\n\n\n<ul class=\"wp-block-list\">\n<li>Walter Flores \u2013 Directeur musical, piano, fl\u00fbte<\/li>\n\n\n\n<li>Carlos Daniel Castillo \u2013 Chant principal, ch\u0153urs<\/li>\n\n\n\n<li>Jan F\u00e9lix Quintana \u2013 Ch\u0153urs<\/li>\n\n\n\n<li>\u00c1ngel Gabriel Soto \u2013 Trombone, solo<\/li>\n\n\n\n<li>David Carvajal \u2013 Trombone<\/li>\n\n\n\n<li>Andr\u00e9s Le\u00f3n \u2013 Trombone<\/li>\n\n\n\n<li>Carlos Ram\u00edrez \u2013 Basse \u00e9lectrique<\/li>\n\n\n\n<li>C\u00e9sar Espinosa \u2013 Timbales<\/li>\n\n\n\n<li>Miguel Rojas \u2013 Congas<\/li>\n\n\n\n<li>Roger Madrigal \u2013 Bongo<\/li>\n\n\n\n<li>Luis Blanco \u2013 Ing\u00e9nieur du son<\/li>\n\n\n\n<li>Luis Sol\u00eds \u2013 Technicien<\/li>\n<\/ul>\n\n\n\n<p><strong>Tarifs<\/strong><br>Entr\u00e9e g\u00e9n\u00e9rale : 4 000<br>\u00c9tudiants et personnes \u00e2g\u00e9es : 2 500<\/p>\n\n\n\n<p><\/p>\n","protected":false},"featured_media":4157,"parent":0,"template":"","class_list":["post-4159","agenda","type-agenda","status-publish","has-post-thumbnail","hentry"],"_links":{"self":[{"href":"https:\/\/peopleofcostarica.com\/fr\/wp-json\/wp\/v2\/agenda\/4159","targetHints":{"allow":["GET"]}}],"collection":[{"href":"https:\/\/peopleofcostarica.com\/fr\/wp-json\/wp\/v2\/agenda"}],"about":[{"href":"https:\/\/peopleofcostarica.com\/fr\/wp-json\/wp\/v2\/types\/agenda"}],"version-history":[{"count":0,"href":"https:\/\/peopleofcostarica.com\/fr\/wp-json\/wp\/v2\/agenda\/4159\/revisions"}],"wp:featuredmedia":[{"embeddable":true,"href":"https:\/\/peopleofcostarica.com\/fr\/wp-json\/wp\/v2\/media\/4157"}],"wp:attachment":[{"href":"https:\/\/peopleofcostarica.com\/fr\/wp-json\/wp\/v2\/media?parent=4159"}],"curies":[{"name":"wp","href":"https:\/\/api.w.org\/{rel}","templated":true}]}}

Théâtre à midi présente Son de Tikizia

<p>Le Théâtre National accueille le groupe costaricien <em>Son de Tikizia</em> dans le cadre du programme Théâtre à midi. Ils présenteront leur spectacle <em>« Sin Límites »</em>, dédié au lancement de leur nouvelle production musicale.</p>



<p><strong>Liste des membres (crédits) :</strong></p>



<ul class="wp-block-list">
<li>Walter Flores – Directeur musical, piano, flûte</li>



<li>Carlos Daniel Castillo – Chant principal, chœurs</li>



<li>Jan Félix Quintana – Chœurs</li>



<li>Ángel Gabriel Soto – Trombone, solo</li>



<li>David Carvajal – Trombone</li>



<li>Andrés León – Trombone</li>



<li>Carlos Ramírez – Basse électrique</li>



<li>César Espinosa – Timbales</li>



<li>Miguel Rojas – Congas</li>



<li>Roger Madrigal – Bongo</li>



<li>Luis Blanco – Ingénieur du son</li>



<li>Luis Solís – Technicien</li>
</ul>



<p><strong>Tarifs</strong><br>Entrée générale : 4 000<br>Étudiants et personnes âgées : 2 500</p>



<p></p>
