{"id":4147,"date":"2025-05-26T20:10:19","date_gmt":"2025-05-26T20:10:19","guid":{"rendered":"https:\/\/peopleofcostarica.com\/?post_type=agenda&#038;p=4147"},"modified":"2025-05-26T20:10:26","modified_gmt":"2025-05-26T20:10:26","slug":"theatre-a-midi-presente-symphonie-des-contes-joyeux-avec-juan-cuentacuentos-et-pampa-madrigal","status":"publish","type":"agenda","link":"https:\/\/peopleofcostarica.com\/fr\/agenda\/theatre-a-midi-presente-symphonie-des-contes-joyeux-avec-juan-cuentacuentos-et-pampa-madrigal\/","title":{"rendered":"Th\u00e9\u00e2tre \u00e0 midi pr\u00e9sente : Symphonie des contes joyeux avec Juan Cuentacuentos et Pampa Madrigal"},"content":{"rendered":"\n<p>Le rideau se l\u00e8ve et les notes de musique nous invitent \u00e0 voyager dans l\u2019univers de <em>Blanche-Neige et les sept nains<\/em>, guid\u00e9s par la po\u00e9tesse Gabriela Mistral. Apr\u00e8s avoir jou\u00e9 avec eux, nous tournons la page et rencontrons <em>\u00c9douard et le vilain petit canard<\/em>, nous r\u00e9solvons des probl\u00e8mes avec <em>Gaspar le coq<\/em> et <em>Carmen la baleine<\/em>, et juste avant le \u00ab il \u00e9tait une fois \u00bb final, nous d\u00e9couvrons <em>Mum\u00fa la vache<\/em>, un personnage de la Costaricienne Delfina Collado. Ensemble, nous peignons un monde plein de couleurs pour un pays meilleur et une Costa Rica plus heureuse.<\/p>\n\n\n\n<p><strong>Tarifs<\/strong><br>Entr\u00e9e g\u00e9n\u00e9rale : 4 000<br>\u00c9tudiants et personnes \u00e2g\u00e9es : 2 500<\/p>\n","protected":false},"featured_media":4145,"parent":0,"template":"","class_list":["post-4147","agenda","type-agenda","status-publish","has-post-thumbnail","hentry"],"_links":{"self":[{"href":"https:\/\/peopleofcostarica.com\/fr\/wp-json\/wp\/v2\/agenda\/4147","targetHints":{"allow":["GET"]}}],"collection":[{"href":"https:\/\/peopleofcostarica.com\/fr\/wp-json\/wp\/v2\/agenda"}],"about":[{"href":"https:\/\/peopleofcostarica.com\/fr\/wp-json\/wp\/v2\/types\/agenda"}],"version-history":[{"count":0,"href":"https:\/\/peopleofcostarica.com\/fr\/wp-json\/wp\/v2\/agenda\/4147\/revisions"}],"wp:featuredmedia":[{"embeddable":true,"href":"https:\/\/peopleofcostarica.com\/fr\/wp-json\/wp\/v2\/media\/4145"}],"wp:attachment":[{"href":"https:\/\/peopleofcostarica.com\/fr\/wp-json\/wp\/v2\/media?parent=4147"}],"curies":[{"name":"wp","href":"https:\/\/api.w.org\/{rel}","templated":true}]}}

Théâtre à midi présente : Symphonie des contes joyeux avec Juan Cuentacuentos et Pampa Madrigal

<p>Le rideau se lève et les notes de musique nous invitent à voyager dans l’univers de <em>Blanche-Neige et les sept nains</em>, guidés par la poétesse Gabriela Mistral. Après avoir joué avec eux, nous tournons la page et rencontrons <em>Édouard et le vilain petit canard</em>, nous résolvons des problèmes avec <em>Gaspar le coq</em> et <em>Carmen la baleine</em>, et juste avant le « il était une fois » final, nous découvrons <em>Mumú la vache</em>, un personnage de la Costaricienne Delfina Collado. Ensemble, nous peignons un monde plein de couleurs pour un pays meilleur et une Costa Rica plus heureuse.</p>



<p><strong>Tarifs</strong><br>Entrée générale : 4 000<br>Étudiants et personnes âgées : 2 500</p>
