{"id":3970,"date":"2025-05-16T19:45:41","date_gmt":"2025-05-16T19:45:41","guid":{"rendered":"https:\/\/peopleofcostarica.com\/?post_type=agenda&#038;p=3970"},"modified":"2025-05-16T19:45:48","modified_gmt":"2025-05-16T19:45:48","slug":"festival-du-cinema-latino-americain-contemporain-panama-et-bresil","status":"publish","type":"agenda","link":"https:\/\/peopleofcostarica.com\/fr\/agenda\/festival-du-cinema-latino-americain-contemporain-panama-et-bresil\/","title":{"rendered":"Festival du Cin\u00e9ma Latino-Am\u00e9ricain Contemporain : Panama et Br\u00e9sil"},"content":{"rendered":"\n<p>De la part du Bureau de l\u2019Art et de la Culture de la Municipalit\u00e9 de Desamparados, nous vous invitons au Festival du Cin\u00e9ma Latino-Am\u00e9ricain Contemporain ! Ce 16 mai, venez profiter de :<\/p>\n\n\n\n<ul class=\"wp-block-list\">\n<li>Premier film \u2013 Panama : <em>Tito, Margot y yo<\/em> de Mercedes Arias et Delfina Vidal | 16h00<\/li>\n\n\n\n<li>Deuxi\u00e8me film \u2013 Br\u00e9sil : <em>A Partilha<\/em> de Daniel Filho | 19h00<\/li>\n<\/ul>\n","protected":false},"featured_media":3968,"parent":0,"template":"","class_list":["post-3970","agenda","type-agenda","status-publish","has-post-thumbnail","hentry"],"_links":{"self":[{"href":"https:\/\/peopleofcostarica.com\/fr\/wp-json\/wp\/v2\/agenda\/3970","targetHints":{"allow":["GET"]}}],"collection":[{"href":"https:\/\/peopleofcostarica.com\/fr\/wp-json\/wp\/v2\/agenda"}],"about":[{"href":"https:\/\/peopleofcostarica.com\/fr\/wp-json\/wp\/v2\/types\/agenda"}],"version-history":[{"count":0,"href":"https:\/\/peopleofcostarica.com\/fr\/wp-json\/wp\/v2\/agenda\/3970\/revisions"}],"wp:featuredmedia":[{"embeddable":true,"href":"https:\/\/peopleofcostarica.com\/fr\/wp-json\/wp\/v2\/media\/3968"}],"wp:attachment":[{"href":"https:\/\/peopleofcostarica.com\/fr\/wp-json\/wp\/v2\/media?parent=3970"}],"curies":[{"name":"wp","href":"https:\/\/api.w.org\/{rel}","templated":true}]}}

Festival du Cinéma Latino-Américain Contemporain : Panama et Brésil

<p>De la part du Bureau de l’Art et de la Culture de la Municipalité de Desamparados, nous vous invitons au Festival du Cinéma Latino-Américain Contemporain ! Ce 16 mai, venez profiter de :</p>



<ul class="wp-block-list">
<li>Premier film – Panama : <em>Tito, Margot y yo</em> de Mercedes Arias et Delfina Vidal | 16h00</li>



<li>Deuxième film – Brésil : <em>A Partilha</em> de Daniel Filho | 19h00</li>
</ul>
