{"id":3964,"date":"2025-05-16T19:37:33","date_gmt":"2025-05-16T19:37:33","guid":{"rendered":"https:\/\/peopleofcostarica.com\/?post_type=agenda&#038;p=3964"},"modified":"2025-05-16T19:37:40","modified_gmt":"2025-05-16T19:37:40","slug":"feria-viva-el-arte-plaza-del-sol","status":"publish","type":"agenda","link":"https:\/\/peopleofcostarica.com\/fr\/agenda\/feria-viva-el-arte-plaza-del-sol\/","title":{"rendered":"Feria Viva el Arte &#8211; Plaza del Sol"},"content":{"rendered":"\n<p>Du vendredi 16 au dimanche 18 mai, de 10h \u00e0 19h, le centre commercial Plaza del Sol accueillera la XIXe \u00e9dition de la Feria Viva el Arte, un \u00e9v\u00e9nement gratuit qui r\u00e9unit pr\u00e8s de 35 artistes visuels et designers costariciens. La foire offrira au public une exp\u00e9rience privil\u00e9gi\u00e9e avec les cr\u00e9ateurs, permettant de d\u00e9couvrir leurs \u0153uvres, leurs processus cr\u00e9atifs et leurs visions artistiques.<\/p>\n\n\n\n<p>Pendant trois jours, les visiteurs pourront parcourir les diff\u00e9rents stands pour interagir directement avec les artistes, explorer une grande vari\u00e9t\u00e9 de techniques telles que la peinture, la sculpture, la c\u00e9ramique, le verre, la gravure, le dessin, l\u2019art num\u00e9rique et les objets de design, et d\u00e9couvrir des propositions contemporaines de cr\u00e9ateurs confirm\u00e9s comme \u00e9mergents.<\/p>\n\n\n\n<p>Les artistes s\u00e9lectionn\u00e9s pour cette \u00e9dition sont : Adri\u00e1n G\u00f3mez, Alberto Murillo, Alejandra Segovia, Ana Elena Fern\u00e1ndez, Beatriz Parra, Bernal Castro, Carlos Rod\u00f3, Casa Fage, Fabio Herrera, Fernando Carballo, Francisco Mungu\u00eda, Gabriela Garc\u00eda, Gerald Castro, Gustavo Herrera, Hern\u00e1n Ar\u00e9valo, Jim\u00e9nez &amp; Tanzi, Jorge Crespo, Jos\u00e9 Vargas, Juan Carlos Camacho, Karen Chavarr\u00eda, Lina Serrano, Loida Pretiz, Magda C\u00f3rdoba, Marcia Salas, Mar\u00eda Gabriela Gonz\u00e1lez, Mar\u00eda Teresa P\u00e9rez, Mario Maffioli, Rebeca Rodr\u00edguez, Rodolfo Stanley, Silas Mart\u00ednez, Silvia Monge, UPE, Ver\u00f3nica Navarro et Xochilt Lezama. La s\u00e9lection a \u00e9t\u00e9 r\u00e9alis\u00e9e par un comit\u00e9 d\u2019experts dirig\u00e9 par l\u2019artiste plasticienne Ana Beatriz S\u00e1nchez, qui a veill\u00e9 \u00e0 repr\u00e9senter une diversit\u00e9 de disciplines et de styles.<\/p>\n\n\n\n<p>\u00ab Gr\u00e2ce au soutien constant de nos partenaires, nous avons pu pr\u00e9senter depuis la premi\u00e8re \u00e9dition une plateforme solide et professionnelle, proposant une riche vari\u00e9t\u00e9 d\u2019expressions artistiques et d\u2019expositions invit\u00e9es au sein de la foire, tout en promouvant et en valorisant le talent national. La s\u00e9lection rigoureuse des participants a \u00e9t\u00e9 essentielle pour maintenir la qualit\u00e9 qui distingue cette foire, en faisant un espace recherch\u00e9 aussi bien par les artistes que par le public, qui chaque ann\u00e9e nous honore de sa pr\u00e9sence, de son enthousiasme et de son d\u00e9sir de d\u00e9couvrir et d\u2019acqu\u00e9rir de l\u2019art \u00bb, a d\u00e9clar\u00e9 S\u00e1nchez.<\/p>\n\n\n\n<p>Cette ann\u00e9e, l\u2019artiste invit\u00e9e est Loida Pretiz, reconnue pour sa trajectoire dans la formation, la recherche et la promotion de l\u2019art costaricien. Son \u0153uvre se caract\u00e9rise par l\u2019utilisation de la technique de l\u2019assemblage, avec laquelle elle transforme des mat\u00e9riaux trouv\u00e9s \u2013 comme des cadres de portes et fen\u00eatres anciennes \u2013 en pi\u00e8ces charg\u00e9es de m\u00e9moire, de sensibilit\u00e9 et de symbolisme. Sa participation inclura \u00e9galement l\u2019exposition d\u2019\u0153uvres de collectifs f\u00e9minins tels que Las Papaturras, Bosquemar, Pintarte, Matrices et Cantarrias, cr\u00e9\u00e9s dans le cadre de son travail communautaire au Museo Islita, qu\u2019elle a dirig\u00e9 de 2003 \u00e0 2014.<\/p>\n\n\n\n<p>Form\u00e9e \u00e0 l\u2019Universit\u00e9 du Costa Rica, Loida a combin\u00e9 sa pratique artistique avec un travail constant d\u2019enseignement et de recherche dans des communaut\u00e9s rurales d\u2019Am\u00e9rique centrale. Entre 2020 et 2022, elle a exerc\u00e9 les fonctions de vice-ministre de la Culture, en plus d\u2019avoir occup\u00e9 des postes dans des instances cl\u00e9s comme le Conseil d\u2019administration du Mus\u00e9e d\u2019Art et de Design Contemporain et la Commission nationale du patrimoine culturel immat\u00e9riel. Elle a travaill\u00e9 comme commissaire d\u2019exposition sur des projets articulant art, design et tradition, et a re\u00e7u en 2009 le Prix National Aquileo J. Echeverr\u00eda en sculpture.<\/p>\n\n\n\n<p>Flor Gallardo, historienne de l\u2019art, souligne dans le texte de pr\u00e9sentation :<br>\u00ab Sa maison-atelier est \u00e0 la fois un lieu de refuge et un territoire vivant, peupl\u00e9 d\u2019\u00e9motions et de sentiments qui se transforment en art. Pretiz construit et reconstruit des maisons \u00e0 partir de l\u2019\u00e9motion, avec des bois r\u00e9cup\u00e9r\u00e9s, ponc\u00e9s, coll\u00e9s et assembl\u00e9s avec minutie et \u00e2me. \u00bb<\/p>\n\n\n\n<p>En plus des expositions, la foire proposera des activit\u00e9s compl\u00e9mentaires comme des ateliers et des performances artistiques. L\u2019organisation a maintenu une trajectoire ininterrompue pendant 19 ans, avec des \u00e9ditions \u00e0 Plaza del Sol et Plaza Mayor, \u00e0 travers un rigoureux processus d\u2019appel \u00e0 candidatures ouvert.<\/p>\n\n\n\n<p>La Feria Viva el Arte est rendue possible gr\u00e2ce au parrainage du Groupe Auto Mercado, dans le cadre de son engagement en faveur du d\u00e9veloppement culturel du pays.<\/p>\n","protected":false},"featured_media":3962,"parent":0,"template":"","class_list":["post-3964","agenda","type-agenda","status-publish","has-post-thumbnail","hentry"],"_links":{"self":[{"href":"https:\/\/peopleofcostarica.com\/fr\/wp-json\/wp\/v2\/agenda\/3964","targetHints":{"allow":["GET"]}}],"collection":[{"href":"https:\/\/peopleofcostarica.com\/fr\/wp-json\/wp\/v2\/agenda"}],"about":[{"href":"https:\/\/peopleofcostarica.com\/fr\/wp-json\/wp\/v2\/types\/agenda"}],"version-history":[{"count":0,"href":"https:\/\/peopleofcostarica.com\/fr\/wp-json\/wp\/v2\/agenda\/3964\/revisions"}],"wp:featuredmedia":[{"embeddable":true,"href":"https:\/\/peopleofcostarica.com\/fr\/wp-json\/wp\/v2\/media\/3962"}],"wp:attachment":[{"href":"https:\/\/peopleofcostarica.com\/fr\/wp-json\/wp\/v2\/media?parent=3964"}],"curies":[{"name":"wp","href":"https:\/\/api.w.org\/{rel}","templated":true}]}}

<p>Du vendredi 16 au dimanche 18 mai, de 10h à 19h, le centre commercial Plaza del Sol accueillera la XIXe édition de la Feria Viva el Arte, un événement gratuit qui réunit près de 35 artistes visuels et designers costariciens. La foire offrira au public une expérience privilégiée avec les créateurs, permettant de découvrir leurs œuvres, leurs processus créatifs et leurs visions artistiques.</p>



<p>Pendant trois jours, les visiteurs pourront parcourir les différents stands pour interagir directement avec les artistes, explorer une grande variété de techniques telles que la peinture, la sculpture, la céramique, le verre, la gravure, le dessin, l’art numérique et les objets de design, et découvrir des propositions contemporaines de créateurs confirmés comme émergents.</p>



<p>Les artistes sélectionnés pour cette édition sont : Adrián Gómez, Alberto Murillo, Alejandra Segovia, Ana Elena Fernández, Beatriz Parra, Bernal Castro, Carlos Rodó, Casa Fage, Fabio Herrera, Fernando Carballo, Francisco Munguía, Gabriela García, Gerald Castro, Gustavo Herrera, Hernán Arévalo, Jiménez &amp; Tanzi, Jorge Crespo, José Vargas, Juan Carlos Camacho, Karen Chavarría, Lina Serrano, Loida Pretiz, Magda Córdoba, Marcia Salas, María Gabriela González, María Teresa Pérez, Mario Maffioli, Rebeca Rodríguez, Rodolfo Stanley, Silas Martínez, Silvia Monge, UPE, Verónica Navarro et Xochilt Lezama. La sélection a été réalisée par un comité d’experts dirigé par l’artiste plasticienne Ana Beatriz Sánchez, qui a veillé à représenter une diversité de disciplines et de styles.</p>



<p>« Grâce au soutien constant de nos partenaires, nous avons pu présenter depuis la première édition une plateforme solide et professionnelle, proposant une riche variété d’expressions artistiques et d’expositions invitées au sein de la foire, tout en promouvant et en valorisant le talent national. La sélection rigoureuse des participants a été essentielle pour maintenir la qualité qui distingue cette foire, en faisant un espace recherché aussi bien par les artistes que par le public, qui chaque année nous honore de sa présence, de son enthousiasme et de son désir de découvrir et d’acquérir de l’art », a déclaré Sánchez.</p>



<p>Cette année, l’artiste invitée est Loida Pretiz, reconnue pour sa trajectoire dans la formation, la recherche et la promotion de l’art costaricien. Son œuvre se caractérise par l’utilisation de la technique de l’assemblage, avec laquelle elle transforme des matériaux trouvés – comme des cadres de portes et fenêtres anciennes – en pièces chargées de mémoire, de sensibilité et de symbolisme. Sa participation inclura également l’exposition d’œuvres de collectifs féminins tels que Las Papaturras, Bosquemar, Pintarte, Matrices et Cantarrias, créés dans le cadre de son travail communautaire au Museo Islita, qu’elle a dirigé de 2003 à 2014.</p>



<p>Formée à l’Université du Costa Rica, Loida a combiné sa pratique artistique avec un travail constant d’enseignement et de recherche dans des communautés rurales d’Amérique centrale. Entre 2020 et 2022, elle a exercé les fonctions de vice-ministre de la Culture, en plus d’avoir occupé des postes dans des instances clés comme le Conseil d’administration du Musée d’Art et de Design Contemporain et la Commission nationale du patrimoine culturel immatériel. Elle a travaillé comme commissaire d’exposition sur des projets articulant art, design et tradition, et a reçu en 2009 le Prix National Aquileo J. Echeverría en sculpture.</p>



<p>Flor Gallardo, historienne de l’art, souligne dans le texte de présentation :<br>« Sa maison-atelier est à la fois un lieu de refuge et un territoire vivant, peuplé d’émotions et de sentiments qui se transforment en art. Pretiz construit et reconstruit des maisons à partir de l’émotion, avec des bois récupérés, poncés, collés et assemblés avec minutie et âme. »</p>



<p>En plus des expositions, la foire proposera des activités complémentaires comme des ateliers et des performances artistiques. L’organisation a maintenu une trajectoire ininterrompue pendant 19 ans, avec des éditions à Plaza del Sol et Plaza Mayor, à travers un rigoureux processus d’appel à candidatures ouvert.</p>



<p>La Feria Viva el Arte est rendue possible grâce au parrainage du Groupe Auto Mercado, dans le cadre de son engagement en faveur du développement culturel du pays.</p>
