{"id":15931,"date":"2026-09-03T16:32:21","date_gmt":"2026-09-03T22:32:21","guid":{"rendered":"https:\/\/peopleofcostarica.com\/?post_type=agenda&#038;p=15931"},"modified":"2026-09-03T16:33:52","modified_gmt":"2026-09-03T22:33:52","slug":"des-courts-metrages-pour-raconter-des-histoires-sur-la-faune-sauvage","status":"publish","type":"agenda","link":"https:\/\/peopleofcostarica.com\/fr\/agenda\/des-courts-metrages-pour-raconter-des-histoires-sur-la-faune-sauvage\/","title":{"rendered":"Des courts m\u00e9trages pour raconter des histoires sur la faune sauvage"},"content":{"rendered":"\n<p class=\"wp-block-paragraph\">Le 17 septembre prochain, le Cine Magaly pr\u00e9sentera une s\u00e9lection de courts m\u00e9trages consacr\u00e9s \u00e0 la r\u00e9alit\u00e9 de la faune sauvage et au sauvetage des animaux.<\/p>\n\n\n\n<p class=\"wp-block-paragraph\">Les productions aborderont des sujets tels que le trafic et la d\u00e9tention ill\u00e9gale d\u2019animaux sauvages, ainsi que le travail de sauvetage, de r\u00e9habilitation et de conservation men\u00e9 par des organisations sp\u00e9cialis\u00e9es.<\/p>\n\n\n\n<p class=\"wp-block-paragraph\">La programmation comprendra \u00e9galement un documentaire consacr\u00e9 au transfert de 190 animaux apr\u00e8s la fermeture des derniers zoos g\u00e9r\u00e9s par l\u2019\u00c9tat en 2024.<\/p>\n","protected":false},"featured_media":15930,"parent":0,"template":"","class_list":["post-15931","agenda","type-agenda","status-publish","has-post-thumbnail","hentry"],"_links":{"self":[{"href":"https:\/\/peopleofcostarica.com\/fr\/wp-json\/wp\/v2\/agenda\/15931","targetHints":{"allow":["GET"]}}],"collection":[{"href":"https:\/\/peopleofcostarica.com\/fr\/wp-json\/wp\/v2\/agenda"}],"about":[{"href":"https:\/\/peopleofcostarica.com\/fr\/wp-json\/wp\/v2\/types\/agenda"}],"version-history":[{"count":1,"href":"https:\/\/peopleofcostarica.com\/fr\/wp-json\/wp\/v2\/agenda\/15931\/revisions"}],"predecessor-version":[{"id":15932,"href":"https:\/\/peopleofcostarica.com\/fr\/wp-json\/wp\/v2\/agenda\/15931\/revisions\/15932"}],"wp:featuredmedia":[{"embeddable":true,"href":"https:\/\/peopleofcostarica.com\/fr\/wp-json\/wp\/v2\/media\/15930"}],"wp:attachment":[{"href":"https:\/\/peopleofcostarica.com\/fr\/wp-json\/wp\/v2\/media?parent=15931"}],"curies":[{"name":"wp","href":"https:\/\/api.w.org\/{rel}","templated":true}]}}

Des courts métrages pour raconter des histoires sur la faune sauvage

<p class="wp-block-paragraph">Le 17 septembre prochain, le Cine Magaly présentera une sélection de courts métrages consacrés à la réalité de la faune sauvage et au sauvetage des animaux.</p>



<p class="wp-block-paragraph">Les productions aborderont des sujets tels que le trafic et la détention illégale d’animaux sauvages, ainsi que le travail de sauvetage, de réhabilitation et de conservation mené par des organisations spécialisées.</p>



<p class="wp-block-paragraph">La programmation comprendra également un documentaire consacré au transfert de 190 animaux après la fermeture des derniers zoos gérés par l’État en 2024.</p>
