{"id":12666,"date":"2026-04-28T15:42:03","date_gmt":"2026-04-28T21:42:03","guid":{"rendered":"https:\/\/peopleofcostarica.com\/?post_type=agenda&#038;p=12666"},"modified":"2026-04-28T15:47:52","modified_gmt":"2026-04-28T21:47:52","slug":"un-workshop-collaboratif-a-cartago-pour-aider-les-entrepreneurs-a-ameliorer-leur-presence-sur-les-reseaux-sociaux","status":"publish","type":"agenda","link":"https:\/\/peopleofcostarica.com\/fr\/agenda\/un-workshop-collaboratif-a-cartago-pour-aider-les-entrepreneurs-a-ameliorer-leur-presence-sur-les-reseaux-sociaux\/","title":{"rendered":"Un workshop collaboratif \u00e0 Cartago pour aider les entrepreneurs \u00e0 am\u00e9liorer leur pr\u00e9sence sur les r\u00e9seaux sociaux"},"content":{"rendered":"\n<p>Le&nbsp;<strong>samedi 16 mai \u00e0 9h00<\/strong>, la&nbsp;Communaut\u00e9 WordPress Cartago&nbsp;organisera le&nbsp;<em>Workshop Co-cr\u00e9atif : Boostez votre entreprise sur les r\u00e9seaux sociaux<\/em>&nbsp;au&nbsp;Laboratorio de Innovaci\u00f3n Beenova (COVAO). Cette activit\u00e9 gratuite fait partie des \u00e9v\u00e9nements pr\u00e9paratoires au&nbsp;WordCamp Costa Rica 2026&nbsp;et s\u2019adresse aux entrepreneurs et petites entreprises souhaitant renforcer leur pr\u00e9sence digitale sur des plateformes comme Instagram, Facebook et LinkedIn.<\/p>\n\n\n\n<p>Gr\u00e2ce \u00e0 une m\u00e9thodologie pratique et collaborative, les participants travailleront directement \u00e0 l\u2019optimisation de leurs propres profils num\u00e9riques avec l\u2019accompagnement de membres exp\u00e9riment\u00e9s de la communaut\u00e9 WordPress. Les places \u00e9tant limit\u00e9es, il est n\u00e9cessaire d\u2019apporter un ordinateur portable ainsi qu\u2019un compte Gmail associ\u00e9 \u00e0 son activit\u00e9 pour participer activement \u00e0 l\u2019atelier.<\/p>\n\n\n\n<div class=\"wp-block-buttons is-content-justification-center is-layout-flex wp-container-core-buttons-is-layout-a89b3969 wp-block-buttons-is-layout-flex\">\n<div class=\"wp-block-button is-style-fill\"><a class=\"wp-block-button__link has-vivid-green-cyan-background-color has-background wp-element-button\" href=\"https:\/\/peopleofcostarica.com\/fr\/cartago-accueillera-un-workshop-collaboratif-pour-renforcer-la-presence-digitale-des-entrepreneurs\/\">Article<\/a><\/div>\n<\/div>\n\n\n\n<p><\/p>\n","protected":false},"featured_media":12658,"parent":0,"template":"","class_list":["post-12666","agenda","type-agenda","status-publish","has-post-thumbnail","hentry"],"_links":{"self":[{"href":"https:\/\/peopleofcostarica.com\/fr\/wp-json\/wp\/v2\/agenda\/12666","targetHints":{"allow":["GET"]}}],"collection":[{"href":"https:\/\/peopleofcostarica.com\/fr\/wp-json\/wp\/v2\/agenda"}],"about":[{"href":"https:\/\/peopleofcostarica.com\/fr\/wp-json\/wp\/v2\/types\/agenda"}],"version-history":[{"count":1,"href":"https:\/\/peopleofcostarica.com\/fr\/wp-json\/wp\/v2\/agenda\/12666\/revisions"}],"predecessor-version":[{"id":12667,"href":"https:\/\/peopleofcostarica.com\/fr\/wp-json\/wp\/v2\/agenda\/12666\/revisions\/12667"}],"wp:featuredmedia":[{"embeddable":true,"href":"https:\/\/peopleofcostarica.com\/fr\/wp-json\/wp\/v2\/media\/12658"}],"wp:attachment":[{"href":"https:\/\/peopleofcostarica.com\/fr\/wp-json\/wp\/v2\/media?parent=12666"}],"curies":[{"name":"wp","href":"https:\/\/api.w.org\/{rel}","templated":true}]}}

Un workshop collaboratif à Cartago pour aider les entrepreneurs à améliorer leur présence sur les réseaux sociaux

<p>Le&nbsp;<strong>samedi 16 mai à 9h00</strong>, la&nbsp;Communauté WordPress Cartago&nbsp;organisera le&nbsp;<em>Workshop Co-créatif : Boostez votre entreprise sur les réseaux sociaux</em>&nbsp;au&nbsp;Laboratorio de Innovación Beenova (COVAO). Cette activité gratuite fait partie des événements préparatoires au&nbsp;WordCamp Costa Rica 2026&nbsp;et s’adresse aux entrepreneurs et petites entreprises souhaitant renforcer leur présence digitale sur des plateformes comme Instagram, Facebook et LinkedIn.</p>



<p>Grâce à une méthodologie pratique et collaborative, les participants travailleront directement à l’optimisation de leurs propres profils numériques avec l’accompagnement de membres expérimentés de la communauté WordPress. Les places étant limitées, il est nécessaire d’apporter un ordinateur portable ainsi qu’un compte Gmail associé à son activité pour participer activement à l’atelier.</p>



<div class="wp-block-buttons is-content-justification-center is-layout-flex wp-container-core-buttons-is-layout-a89b3969 wp-block-buttons-is-layout-flex">
<div class="wp-block-button is-style-fill"><a class="wp-block-button__link has-vivid-green-cyan-background-color has-background wp-element-button" href="https://peopleofcostarica.com/fr/cartago-accueillera-un-workshop-collaboratif-pour-renforcer-la-presence-digitale-des-entrepreneurs/">Article</a></div>
</div>



<p></p>
