{"id":12505,"date":"2026-04-26T12:25:48","date_gmt":"2026-04-26T18:25:48","guid":{"rendered":"https:\/\/peopleofcostarica.com\/?post_type=agenda&#038;p=12505"},"modified":"2026-04-26T12:29:13","modified_gmt":"2026-04-26T18:29:13","slug":"le-festival-calicanto-revient-a-cartago-avec-une-semaine-dediee-a-lart-et-a-la-communaute","status":"publish","type":"agenda","link":"https:\/\/peopleofcostarica.com\/fr\/agenda\/le-festival-calicanto-revient-a-cartago-avec-une-semaine-dediee-a-lart-et-a-la-communaute\/","title":{"rendered":"Le Festival Calicanto revient \u00e0 Cartago avec une semaine d\u00e9di\u00e9e \u00e0 l\u2019art et \u00e0 la communaut\u00e9"},"content":{"rendered":"\n<p>Le Festival Calicanto revient \u00e0 Cartago comme un rendez-vous culturel qui transforme les espaces publics en sc\u00e8nes de cr\u00e9ation collective. Pendant une semaine, le festival r\u00e9unit des artistes, des collectifs culturels, des habitants et des visiteurs autour d\u2019ateliers, de spectacles vivants, de musique, d\u2019interventions urbaines et d\u2019activit\u00e9s con\u00e7ues pour tous les \u00e2ges.<\/p>\n\n\n\n<p>La proposition du festival vise \u00e0 dynamiser la vie communautaire \u00e0 travers l\u2019art, en favorisant l\u2019utilisation de l\u2019espace public comme lieu de rencontre, d\u2019expression et de participation citoyenne. Calicanto s\u2019est impos\u00e9 comme une initiative qui promeut un acc\u00e8s d\u00e9mocratique \u00e0 la culture et renforce le tissu social gr\u00e2ce \u00e0 des exp\u00e9riences artistiques ouvertes et gratuites.<\/p>\n\n\n\n<p>En plus des spectacles et des expositions, le festival propose des espaces de formation, des foires cr\u00e9atives et des activit\u00e9s collaboratives qui invitent la communaut\u00e9 \u00e0 devenir actrice du processus culturel, non seulement comme spectatrice mais comme participante.<\/p>\n\n\n\n<p><\/p>\n","protected":false},"featured_media":12504,"parent":0,"template":"","class_list":["post-12505","agenda","type-agenda","status-publish","has-post-thumbnail","hentry"],"_links":{"self":[{"href":"https:\/\/peopleofcostarica.com\/fr\/wp-json\/wp\/v2\/agenda\/12505","targetHints":{"allow":["GET"]}}],"collection":[{"href":"https:\/\/peopleofcostarica.com\/fr\/wp-json\/wp\/v2\/agenda"}],"about":[{"href":"https:\/\/peopleofcostarica.com\/fr\/wp-json\/wp\/v2\/types\/agenda"}],"version-history":[{"count":1,"href":"https:\/\/peopleofcostarica.com\/fr\/wp-json\/wp\/v2\/agenda\/12505\/revisions"}],"predecessor-version":[{"id":12506,"href":"https:\/\/peopleofcostarica.com\/fr\/wp-json\/wp\/v2\/agenda\/12505\/revisions\/12506"}],"wp:featuredmedia":[{"embeddable":true,"href":"https:\/\/peopleofcostarica.com\/fr\/wp-json\/wp\/v2\/media\/12504"}],"wp:attachment":[{"href":"https:\/\/peopleofcostarica.com\/fr\/wp-json\/wp\/v2\/media?parent=12505"}],"curies":[{"name":"wp","href":"https:\/\/api.w.org\/{rel}","templated":true}]}}

Le Festival Calicanto revient à Cartago avec une semaine dédiée à l’art et à la communauté

<p>Le Festival Calicanto revient à Cartago comme un rendez-vous culturel qui transforme les espaces publics en scènes de création collective. Pendant une semaine, le festival réunit des artistes, des collectifs culturels, des habitants et des visiteurs autour d’ateliers, de spectacles vivants, de musique, d’interventions urbaines et d’activités conçues pour tous les âges.</p>



<p>La proposition du festival vise à dynamiser la vie communautaire à travers l’art, en favorisant l’utilisation de l’espace public comme lieu de rencontre, d’expression et de participation citoyenne. Calicanto s’est imposé comme une initiative qui promeut un accès démocratique à la culture et renforce le tissu social grâce à des expériences artistiques ouvertes et gratuites.</p>



<p>En plus des spectacles et des expositions, le festival propose des espaces de formation, des foires créatives et des activités collaboratives qui invitent la communauté à devenir actrice du processus culturel, non seulement comme spectatrice mais comme participante.</p>



<p></p>
