{"id":10605,"date":"2026-03-19T17:06:50","date_gmt":"2026-03-19T17:06:50","guid":{"rendered":"https:\/\/peopleofcostarica.com\/?post_type=people-of-costa-rica&#038;p=10605"},"modified":"2026-03-16T17:18:42","modified_gmt":"2026-03-16T17:18:42","slug":"regresa-el-festival-internacional-de-las-artes-en-2026","status":"publish","type":"people-of-costa-rica","link":"https:\/\/peopleofcostarica.com\/es\/people-of-costa-rica\/regresa-el-festival-internacional-de-las-artes-en-2026\/","title":{"rendered":"Regresa el Festival Internacional de las Artes en 2026."},"content":{"rendered":"\n<p>En 1989 en el gobierno del Presidente y Premio Nobel de la Paz, Oscar Arias Sanches el Festival Internacional de Teatro de San Jos\u00e9 por La Paz tuvo su primera edici\u00f3n.&nbsp;<\/p>\n\n\n\n<p>En septiembre de 1991, el gobierno del PUSC y la ministra de Cultura Aida Faingezicht formalizaron el festival mediante un decreto ejecutivo que lo nombr\u00f3 oficialmente <em>Festival Internacional de las Artes<\/em> y lo ancl\u00f3 institucionalmente al Teatro Popular Melico Salazar. A partir de ese decreto tambi\u00e9n se cre\u00f3 la figura de una direcci\u00f3n ejecutiva permanente del festival.<\/p>\n\n\n\n<p>En 1995 se tom\u00f3 una decisi\u00f3n clave: dividir el programa en dos eventos que se alternar\u00e1n cada a\u00f1o:\u200b<\/p>\n\n\n\n<ul class=\"wp-block-list\">\n<li>FIA (Festival Internacional de las Artes): a\u00f1os pares, con artistas de todo el mundo.<\/li>\n\n\n\n<li>FNA (Festival Nacional de las Artes): a\u00f1os impares, enfocado en el talento costarricense.<\/li>\n<\/ul>\n\n\n\n<p>En 2026 el invitado ser\u00e1 M\u00e9xico. Para mi el FIA es uno de los festivales m\u00e1s importantes del continente. Un espacio de Cultura como pocos. La felicidad de ver personas desconocidas navegar por las calles de la ciudad felices, disfrutando de todo tipo de actividades culturales, conciertos, teatro, pintura, poes\u00eda es un privilegio absoluto.&nbsp;<\/p>\n\n\n\n<p>Este a\u00f1o buscar\u00e9 que People of Costa Rica haga la cobertura m\u00e1s completa de este festival que podamos.&nbsp;<\/p>\n\n\n\n<p>Para los interesados he creado una agenda interactiva con filtros para todos los eventos del FIA 2026.<\/p>\n\n\n\n<div class=\"wp-block-cover\" style=\"min-height:302px;aspect-ratio:unset;\"><img fetchpriority=\"high\" decoding=\"async\" width=\"1024\" height=\"683\" class=\"wp-block-cover__image-background wp-image-10610 size-large\" alt=\"\" src=\"https:\/\/peopleofcostarica.com\/wp-content\/uploads\/2026\/03\/IMG_4071-1024x683.jpg\" data-object-fit=\"cover\" srcset=\"https:\/\/peopleofcostarica.com\/wp-content\/uploads\/2026\/03\/IMG_4071-1024x683.jpg 1024w, https:\/\/peopleofcostarica.com\/wp-content\/uploads\/2026\/03\/IMG_4071-300x200.jpg 300w, https:\/\/peopleofcostarica.com\/wp-content\/uploads\/2026\/03\/IMG_4071-768x512.jpg 768w, https:\/\/peopleofcostarica.com\/wp-content\/uploads\/2026\/03\/IMG_4071-1536x1024.jpg 1536w, https:\/\/peopleofcostarica.com\/wp-content\/uploads\/2026\/03\/IMG_4071-2048x1365.jpg 2048w, https:\/\/peopleofcostarica.com\/wp-content\/uploads\/2026\/03\/IMG_4071-1320x880.jpg 1320w\" sizes=\"(max-width: 1024px) 100vw, 1024px\" \/><span aria-hidden=\"true\" class=\"wp-block-cover__background has-background-dim\" style=\"background-color:#5d5524\"><\/span><div class=\"wp-block-cover__inner-container is-layout-constrained wp-block-cover-is-layout-constrained\">\n<div class=\"wp-block-buttons is-layout-flex wp-block-buttons-is-layout-flex\">\n<div class=\"wp-block-button has-custom-width wp-block-button__width-100\"><a class=\"wp-block-button__link has-black-color has-pale-pink-background-color has-text-color has-background has-link-color has-large-font-size has-custom-font-size wp-element-button\">Programa FIA 2026<\/a><\/div>\n<\/div>\n<\/div><\/div>\n","protected":false},"excerpt":{"rendered":"<p>En 1989 en el gobierno del Presidente y Premio Nobel de la Paz, Oscar Arias Sanches el Festival Internacional de Teatro de San Jos\u00e9 por La Paz tuvo su primera edici\u00f3n.&nbsp; En septiembre de 1991, el gobierno del PUSC y la ministra de Cultura Aida Faingezicht formalizaron el festival mediante un decreto ejecutivo que lo [&hellip;]<\/p>\n","protected":false},"featured_media":10607,"template":"","class_list":["post-10605","people-of-costa-rica","type-people-of-costa-rica","status-publish","has-post-thumbnail","hentry"],"_links":{"self":[{"href":"https:\/\/peopleofcostarica.com\/es\/wp-json\/wp\/v2\/people-of-costa-rica\/10605","targetHints":{"allow":["GET"]}}],"collection":[{"href":"https:\/\/peopleofcostarica.com\/es\/wp-json\/wp\/v2\/people-of-costa-rica"}],"about":[{"href":"https:\/\/peopleofcostarica.com\/es\/wp-json\/wp\/v2\/types\/people-of-costa-rica"}],"version-history":[{"count":1,"href":"https:\/\/peopleofcostarica.com\/es\/wp-json\/wp\/v2\/people-of-costa-rica\/10605\/revisions"}],"predecessor-version":[{"id":10611,"href":"https:\/\/peopleofcostarica.com\/es\/wp-json\/wp\/v2\/people-of-costa-rica\/10605\/revisions\/10611"}],"wp:featuredmedia":[{"embeddable":true,"href":"https:\/\/peopleofcostarica.com\/es\/wp-json\/wp\/v2\/media\/10607"}],"wp:attachment":[{"href":"https:\/\/peopleofcostarica.com\/es\/wp-json\/wp\/v2\/media?parent=10605"}],"curies":[{"name":"wp","href":"https:\/\/api.w.org\/{rel}","templated":true}]}}

<p>En 1989 en el gobierno del Presidente y Premio Nobel de la Paz, Oscar Arias Sanches el Festival Internacional de Teatro de San José por La Paz tuvo su primera edición.&nbsp;</p>



<p>En septiembre de 1991, el gobierno del PUSC y la ministra de Cultura Aida Faingezicht formalizaron el festival mediante un decreto ejecutivo que lo nombró oficialmente <em>Festival Internacional de las Artes</em> y lo ancló institucionalmente al Teatro Popular Melico Salazar. A partir de ese decreto también se creó la figura de una dirección ejecutiva permanente del festival.</p>



<p>En 1995 se tomó una decisión clave: dividir el programa en dos eventos que se alternarán cada año:​</p>



<ul class="wp-block-list">
<li>FIA (Festival Internacional de las Artes): años pares, con artistas de todo el mundo.</li>



<li>FNA (Festival Nacional de las Artes): años impares, enfocado en el talento costarricense.</li>
</ul>



<p>En 2026 el invitado será México. Para mi el FIA es uno de los festivales más importantes del continente. Un espacio de Cultura como pocos. La felicidad de ver personas desconocidas navegar por las calles de la ciudad felices, disfrutando de todo tipo de actividades culturales, conciertos, teatro, pintura, poesía es un privilegio absoluto.&nbsp;</p>



<p>Este año buscaré que People of Costa Rica haga la cobertura más completa de este festival que podamos.&nbsp;</p>



<p>Para los interesados he creado una agenda interactiva con filtros para todos los eventos del FIA 2026.</p>



<div class="wp-block-cover" style="min-height:302px;aspect-ratio:unset;"><img fetchpriority="high" decoding="async" width="1024" height="683" class="wp-block-cover__image-background wp-image-10610 size-large" alt="" src="https://peopleofcostarica.com/wp-content/uploads/2026/03/IMG_4071-1024x683.jpg" data-object-fit="cover" srcset="https://peopleofcostarica.com/wp-content/uploads/2026/03/IMG_4071-1024x683.jpg 1024w, https://peopleofcostarica.com/wp-content/uploads/2026/03/IMG_4071-300x200.jpg 300w, https://peopleofcostarica.com/wp-content/uploads/2026/03/IMG_4071-768x512.jpg 768w, https://peopleofcostarica.com/wp-content/uploads/2026/03/IMG_4071-1536x1024.jpg 1536w, https://peopleofcostarica.com/wp-content/uploads/2026/03/IMG_4071-2048x1365.jpg 2048w, https://peopleofcostarica.com/wp-content/uploads/2026/03/IMG_4071-1320x880.jpg 1320w" sizes="(max-width: 1024px) 100vw, 1024px" /><span aria-hidden="true" class="wp-block-cover__background has-background-dim" style="background-color:#5d5524"></span><div class="wp-block-cover__inner-container is-layout-constrained wp-block-cover-is-layout-constrained">
<div class="wp-block-buttons is-layout-flex wp-block-buttons-is-layout-flex">
<div class="wp-block-button has-custom-width wp-block-button__width-100"><a class="wp-block-button__link has-black-color has-pale-pink-background-color has-text-color has-background has-link-color has-large-font-size has-custom-font-size wp-element-button">Programa FIA 2026</a></div>
</div>
</div></div>

<p>En 1989 en el gobierno del Presidente y Premio Nobel de la Paz, Oscar Arias Sanches el Festival Internacional de Teatro de San José por La Paz tuvo su primera edición.&nbsp; En septiembre de 1991, el gobierno del PUSC y la ministra de Cultura Aida Faingezicht formalizaron el festival mediante un decreto ejecutivo que lo [&hellip;]</p>
