{"id":4435,"date":"2025-06-05T22:30:36","date_gmt":"2025-06-05T22:30:36","guid":{"rendered":"https:\/\/peopleofcostarica.com\/?post_type=agenda&#038;p=4435"},"modified":"2025-06-05T22:30:38","modified_gmt":"2025-06-05T22:30:38","slug":"festival-gastronomico-suizo","status":"publish","type":"agenda","link":"https:\/\/peopleofcostarica.com\/es\/agenda\/festival-gastronomico-suizo\/","title":{"rendered":"Festival Gastron\u00f3mico Suizo"},"content":{"rendered":"\n<p>Del 6 al 15 de junio,&nbsp;<strong>Barrio Escalante<\/strong>&nbsp;ser\u00e1 el escenario de un evento \u00fanico que celebra la riqueza gastron\u00f3mica suiza y su relaci\u00f3n con Costa Rica. Con motivo de los&nbsp;<strong>160 a\u00f1os de relaciones diplom\u00e1ticas<\/strong>&nbsp;entre ambos pa\u00edses,&nbsp;<strong>14 restaurantes locales<\/strong>&nbsp;ofrecer\u00e1n men\u00fas inspirados en la tradici\u00f3n culinaria suiza, permitiendo a los asistentes degustar platos emblem\u00e1ticos de la naci\u00f3n europea.<\/p>\n","protected":false},"featured_media":4424,"parent":0,"template":"","class_list":["post-4435","agenda","type-agenda","status-publish","has-post-thumbnail","hentry"],"_links":{"self":[{"href":"https:\/\/peopleofcostarica.com\/es\/wp-json\/wp\/v2\/agenda\/4435","targetHints":{"allow":["GET"]}}],"collection":[{"href":"https:\/\/peopleofcostarica.com\/es\/wp-json\/wp\/v2\/agenda"}],"about":[{"href":"https:\/\/peopleofcostarica.com\/es\/wp-json\/wp\/v2\/types\/agenda"}],"version-history":[{"count":0,"href":"https:\/\/peopleofcostarica.com\/es\/wp-json\/wp\/v2\/agenda\/4435\/revisions"}],"wp:featuredmedia":[{"embeddable":true,"href":"https:\/\/peopleofcostarica.com\/es\/wp-json\/wp\/v2\/media\/4424"}],"wp:attachment":[{"href":"https:\/\/peopleofcostarica.com\/es\/wp-json\/wp\/v2\/media?parent=4435"}],"curies":[{"name":"wp","href":"https:\/\/api.w.org\/{rel}","templated":true}]}}

Festival Gastronómico Suizo

<p>Del 6 al 15 de junio,&nbsp;<strong>Barrio Escalante</strong>&nbsp;será el escenario de un evento único que celebra la riqueza gastronómica suiza y su relación con Costa Rica. Con motivo de los&nbsp;<strong>160 años de relaciones diplomáticas</strong>&nbsp;entre ambos países,&nbsp;<strong>14 restaurantes locales</strong>&nbsp;ofrecerán menús inspirados en la tradición culinaria suiza, permitiendo a los asistentes degustar platos emblemáticos de la nación europea.</p>
