{"id":4154,"date":"2025-05-26T21:05:04","date_gmt":"2025-05-26T21:05:04","guid":{"rendered":"https:\/\/peopleofcostarica.com\/?post_type=agenda&#038;p=4154"},"modified":"2025-05-26T21:05:05","modified_gmt":"2025-05-26T21:05:05","slug":"teatro-al-mediodia-presenta-son-de-tikizia","status":"publish","type":"agenda","link":"https:\/\/peopleofcostarica.com\/es\/agenda\/teatro-al-mediodia-presenta-son-de-tikizia\/","title":{"rendered":"Teatro al Mediod\u00eda presenta Son de Tikizia"},"content":{"rendered":"\n<p>El Teatro Nacional presenta en Teatro al Mediod\u00eda a la agrupaci\u00f3n costarricense Son de Tikizia, quien presentar\u00e1 el espect\u00e1culo \u00abSin L\u00edmites\u00bb, presentaci\u00f3n de la nueva producci\u00f3n discogr\u00e1fica.<\/p>\n\n\n\n<p>Lista de Integrantes (cr\u00e9ditos):<\/p>\n\n\n\n<ul class=\"wp-block-list\">\n<li>Walter Flores &#8211; Director musical, piano, flauta,<\/li>\n\n\n\n<li>Carlos Daniel Castillo &#8211; voz principal, coros&nbsp;&nbsp;<\/li>\n\n\n\n<li>Jan F\u00e9lix Quintana &#8211; coros&nbsp;&nbsp;<\/li>\n\n\n\n<li>\u00c1ngel Gabriel Soto &#8211; tromb\u00f3n, solo&nbsp;&nbsp;<\/li>\n\n\n\n<li>David Carvajal &#8211; tromb\u00f3n&nbsp;&nbsp;<\/li>\n\n\n\n<li>Andr\u00e9s Le\u00f3n &#8211; tromb\u00f3n&nbsp;&nbsp;<\/li>\n\n\n\n<li>Carlos Ram\u00edrez &#8211; bajo el\u00e9ctrico&nbsp;&nbsp;<\/li>\n\n\n\n<li>C\u00e9sar Espinosa &#8211; timbal&nbsp;&nbsp;<\/li>\n\n\n\n<li>Miguel Rojas &#8211; congas&nbsp;&nbsp;<\/li>\n\n\n\n<li>Roger Madrigal &#8211; bong\u00f3&nbsp;&nbsp;<\/li>\n\n\n\n<li>Luis Blanco, sonidista&nbsp;<\/li>\n\n\n\n<li>Luis Solis, t\u00e9cnico<\/li>\n<\/ul>\n\n\n\n<h3 class=\"wp-block-heading\"><strong>Precios<\/strong><\/h3>\n\n\n\n<figure class=\"wp-block-table\"><table class=\"has-fixed-layout\"><tbody><tr><td><strong>Entrada general<\/strong><\/td><td>4.000<\/td><\/tr><tr><td><strong>Estudiantes y adultos mayores<\/strong><\/td><td>2.500<\/td><\/tr><\/tbody><\/table><\/figure>\n","protected":false},"featured_media":4155,"parent":0,"template":"","class_list":["post-4154","agenda","type-agenda","status-publish","has-post-thumbnail","hentry"],"_links":{"self":[{"href":"https:\/\/peopleofcostarica.com\/es\/wp-json\/wp\/v2\/agenda\/4154","targetHints":{"allow":["GET"]}}],"collection":[{"href":"https:\/\/peopleofcostarica.com\/es\/wp-json\/wp\/v2\/agenda"}],"about":[{"href":"https:\/\/peopleofcostarica.com\/es\/wp-json\/wp\/v2\/types\/agenda"}],"version-history":[{"count":0,"href":"https:\/\/peopleofcostarica.com\/es\/wp-json\/wp\/v2\/agenda\/4154\/revisions"}],"wp:featuredmedia":[{"embeddable":true,"href":"https:\/\/peopleofcostarica.com\/es\/wp-json\/wp\/v2\/media\/4155"}],"wp:attachment":[{"href":"https:\/\/peopleofcostarica.com\/es\/wp-json\/wp\/v2\/media?parent=4154"}],"curies":[{"name":"wp","href":"https:\/\/api.w.org\/{rel}","templated":true}]}}

Teatro al Mediodía presenta Son de Tikizia

<p>El Teatro Nacional presenta en Teatro al Mediodía a la agrupación costarricense Son de Tikizia, quien presentará el espectáculo «Sin Límites», presentación de la nueva producción discográfica.</p>



<p>Lista de Integrantes (créditos):</p>



<ul class="wp-block-list">
<li>Walter Flores &#8211; Director musical, piano, flauta,</li>



<li>Carlos Daniel Castillo &#8211; voz principal, coros&nbsp;&nbsp;</li>



<li>Jan Félix Quintana &#8211; coros&nbsp;&nbsp;</li>



<li>Ángel Gabriel Soto &#8211; trombón, solo&nbsp;&nbsp;</li>



<li>David Carvajal &#8211; trombón&nbsp;&nbsp;</li>



<li>Andrés León &#8211; trombón&nbsp;&nbsp;</li>



<li>Carlos Ramírez &#8211; bajo eléctrico&nbsp;&nbsp;</li>



<li>César Espinosa &#8211; timbal&nbsp;&nbsp;</li>



<li>Miguel Rojas &#8211; congas&nbsp;&nbsp;</li>



<li>Roger Madrigal &#8211; bongó&nbsp;&nbsp;</li>



<li>Luis Blanco, sonidista&nbsp;</li>



<li>Luis Solis, técnico</li>
</ul>



<h3 class="wp-block-heading"><strong>Precios</strong></h3>



<figure class="wp-block-table"><table class="has-fixed-layout"><tbody><tr><td><strong>Entrada general</strong></td><td>4.000</td></tr><tr><td><strong>Estudiantes y adultos mayores</strong></td><td>2.500</td></tr></tbody></table></figure>
