{"id":4148,"date":"2025-05-26T20:17:09","date_gmt":"2025-05-26T20:17:09","guid":{"rendered":"https:\/\/peopleofcostarica.com\/?post_type=agenda&#038;p=4148"},"modified":"2025-05-26T20:17:10","modified_gmt":"2025-05-26T20:17:10","slug":"teatro-al-mediodia-mimayato-con-orquesta-de-cuerdas-y-percusion","status":"publish","type":"agenda","link":"https:\/\/peopleofcostarica.com\/es\/agenda\/teatro-al-mediodia-mimayato-con-orquesta-de-cuerdas-y-percusion\/","title":{"rendered":"Teatro al Mediod\u00eda: Mimayato con Orquesta de Cuerdas y Percusi\u00f3n\u00a0"},"content":{"rendered":"\n<p>Mimayato -d\u00fao de Bajo El\u00e9ctrico y Contrabajo- (Abel Guier y Alberto Moreno) se complace en presentar su libro \u201cPartituras para Bajo y Contrabajo con Quinteto de Cuerdas\u201d.<\/p>\n\n\n\n<p>La partitura es un documento, m\u00fasica en el papel, pero es el int\u00e9rprete quien canaliza y transmite estas emociones para el disfrute de los dem\u00e1s. Este proyecto tiene como objetivo acercar a violinistas, violistas, cellistas, y, por supuesto, a contrabajistas y bajistas a su obra.<\/p>\n\n\n\n<p>La obra, titulada \u201cEl Diario del Dr. Chapu\u00ed\u201d, a trav\u00e9s de su personaje principal, busca transportar al espectador a una b\u00fasqueda existencial por la libertad, al tiempo que cuestiona las ataduras mundanas del consumo y la vida moderna.<\/p>\n\n\n\n<h3 class=\"wp-block-heading\">Precios<\/h3>\n\n\n\n<figure class=\"wp-block-table\"><table class=\"has-fixed-layout\"><tbody><tr><td><strong>Entrada general<\/strong><\/td><td>4.000<\/td><\/tr><tr><td><strong>Estudiantes y adultos mayores<\/strong><\/td><td>2.500<\/td><\/tr><\/tbody><\/table><\/figure>\n","protected":false},"featured_media":4149,"parent":0,"template":"","class_list":["post-4148","agenda","type-agenda","status-publish","has-post-thumbnail","hentry"],"_links":{"self":[{"href":"https:\/\/peopleofcostarica.com\/es\/wp-json\/wp\/v2\/agenda\/4148","targetHints":{"allow":["GET"]}}],"collection":[{"href":"https:\/\/peopleofcostarica.com\/es\/wp-json\/wp\/v2\/agenda"}],"about":[{"href":"https:\/\/peopleofcostarica.com\/es\/wp-json\/wp\/v2\/types\/agenda"}],"version-history":[{"count":0,"href":"https:\/\/peopleofcostarica.com\/es\/wp-json\/wp\/v2\/agenda\/4148\/revisions"}],"wp:featuredmedia":[{"embeddable":true,"href":"https:\/\/peopleofcostarica.com\/es\/wp-json\/wp\/v2\/media\/4149"}],"wp:attachment":[{"href":"https:\/\/peopleofcostarica.com\/es\/wp-json\/wp\/v2\/media?parent=4148"}],"curies":[{"name":"wp","href":"https:\/\/api.w.org\/{rel}","templated":true}]}}

Teatro al Mediodía: Mimayato con Orquesta de Cuerdas y Percusión

<p>Mimayato -dúo de Bajo Eléctrico y Contrabajo- (Abel Guier y Alberto Moreno) se complace en presentar su libro “Partituras para Bajo y Contrabajo con Quinteto de Cuerdas”.</p>



<p>La partitura es un documento, música en el papel, pero es el intérprete quien canaliza y transmite estas emociones para el disfrute de los demás. Este proyecto tiene como objetivo acercar a violinistas, violistas, cellistas, y, por supuesto, a contrabajistas y bajistas a su obra.</p>



<p>La obra, titulada “El Diario del Dr. Chapuí”, a través de su personaje principal, busca transportar al espectador a una búsqueda existencial por la libertad, al tiempo que cuestiona las ataduras mundanas del consumo y la vida moderna.</p>



<h3 class="wp-block-heading">Precios</h3>



<figure class="wp-block-table"><table class="has-fixed-layout"><tbody><tr><td><strong>Entrada general</strong></td><td>4.000</td></tr><tr><td><strong>Estudiantes y adultos mayores</strong></td><td>2.500</td></tr></tbody></table></figure>
