{"id":4142,"date":"2025-05-26T20:10:19","date_gmt":"2025-05-26T20:10:19","guid":{"rendered":"https:\/\/peopleofcostarica.com\/?post_type=agenda&#038;p=4142"},"modified":"2025-05-26T20:10:19","modified_gmt":"2025-05-26T20:10:19","slug":"teatro-al-mediodia-presenta-sinfonia-de-cuentos-contentos-con-juan-cuentacuentos-y-pampa-madrigal","status":"publish","type":"agenda","link":"https:\/\/peopleofcostarica.com\/es\/agenda\/teatro-al-mediodia-presenta-sinfonia-de-cuentos-contentos-con-juan-cuentacuentos-y-pampa-madrigal\/","title":{"rendered":"Teatro al Mediod\u00eda presenta Sinfon\u00eda de cuentos contentos con Juan Cuentacuentos y Pampa Madrigal"},"content":{"rendered":"\n<p>Se abre el tel\u00f3n y las notas musicales nos invitan a viajar por el mundo de Blancanieves y los siete enanitos, de la mano de la poeta Gabriela Mistral, luego de jugar con ellos pasamos la p\u00e1gina y nos encontramos con Eduardo y el patito feo, solucionaremos problemas con el Gallo Gaspar y Carmen la ballena y antes del color\u00edn colorado con la Vaca Mum\u00fa de la costarricense Delfina Collado pintaremos un mundo de mucho color por un mejor pa\u00eds y una Costa Rica m\u00e1s feliz.<\/p>\n\n\n\n<h3 class=\"wp-block-heading\">Precios<\/h3>\n\n\n\n<figure class=\"wp-block-table\"><table class=\"has-fixed-layout\"><tbody><tr><td><strong>Entrada general<\/strong><\/td><td>4.000<\/td><\/tr><tr><td><strong>Estudiantes y adultos mayores<\/strong><\/td><td>2.500<\/td><\/tr><\/tbody><\/table><\/figure>\n","protected":false},"featured_media":4143,"parent":0,"template":"","class_list":["post-4142","agenda","type-agenda","status-publish","has-post-thumbnail","hentry"],"_links":{"self":[{"href":"https:\/\/peopleofcostarica.com\/es\/wp-json\/wp\/v2\/agenda\/4142","targetHints":{"allow":["GET"]}}],"collection":[{"href":"https:\/\/peopleofcostarica.com\/es\/wp-json\/wp\/v2\/agenda"}],"about":[{"href":"https:\/\/peopleofcostarica.com\/es\/wp-json\/wp\/v2\/types\/agenda"}],"version-history":[{"count":0,"href":"https:\/\/peopleofcostarica.com\/es\/wp-json\/wp\/v2\/agenda\/4142\/revisions"}],"wp:featuredmedia":[{"embeddable":true,"href":"https:\/\/peopleofcostarica.com\/es\/wp-json\/wp\/v2\/media\/4143"}],"wp:attachment":[{"href":"https:\/\/peopleofcostarica.com\/es\/wp-json\/wp\/v2\/media?parent=4142"}],"curies":[{"name":"wp","href":"https:\/\/api.w.org\/{rel}","templated":true}]}}

Teatro al Mediodía presenta Sinfonía de cuentos contentos con Juan Cuentacuentos y Pampa Madrigal

<p>Se abre el telón y las notas musicales nos invitan a viajar por el mundo de Blancanieves y los siete enanitos, de la mano de la poeta Gabriela Mistral, luego de jugar con ellos pasamos la página y nos encontramos con Eduardo y el patito feo, solucionaremos problemas con el Gallo Gaspar y Carmen la ballena y antes del colorín colorado con la Vaca Mumú de la costarricense Delfina Collado pintaremos un mundo de mucho color por un mejor país y una Costa Rica más feliz.</p>



<h3 class="wp-block-heading">Precios</h3>



<figure class="wp-block-table"><table class="has-fixed-layout"><tbody><tr><td><strong>Entrada general</strong></td><td>4.000</td></tr><tr><td><strong>Estudiantes y adultos mayores</strong></td><td>2.500</td></tr></tbody></table></figure>
