{"id":4136,"date":"2025-05-26T20:02:32","date_gmt":"2025-05-26T20:02:32","guid":{"rendered":"https:\/\/peopleofcostarica.com\/?post_type=agenda&#038;p=4136"},"modified":"2025-05-26T20:02:32","modified_gmt":"2025-05-26T20:02:32","slug":"la-audicion-obra-de-teatro","status":"publish","type":"agenda","link":"https:\/\/peopleofcostarica.com\/es\/agenda\/la-audicion-obra-de-teatro\/","title":{"rendered":"La audici\u00f3n, obra de teatro"},"content":{"rendered":"\n<p>\u201cLa audici\u00f3n\u201d es la historia de Nina, una actriz reci\u00e9n graduada en busca de su primera oportunidad, como todo joven profesional. Para eso, va al teatro m\u00e1s importante de la capital a hacer una audici\u00f3n con el autor m\u00e1s grande de toda su generaci\u00f3n: mon\u00f3logo final de Nora de \u00abCasa de mu\u00f1ecas\u00bb de Ibsen, mon\u00f3logo de la locura de Ofelia, de \u00abHamlet\u00bb de Shakespeare, el mon\u00f3logo de \u00abMar\u00eda Estuardo\u00bb frente a Isabel de Inglaterra de Schiller, \u00abLul\u00fa\u00bb de Wedekind y la escena final de \u00abLas tres hermanas\u00bb de Chejov.&nbsp;<\/p>\n\n\n\n<p>Es una puesta en escena con dos actores maravillosos: Douglas Cubero en el papel del autor, Ch\u00e9jov y Alice Garc\u00eda en el de Nina, quien, bajo la direcci\u00f3n de Mar\u00eda Bonilla, hace un recorrido por algunos de los personajes principales de la historia del teatro, en clave c\u00f3mica y muy vigentes en relaci\u00f3n a lo que actualmente ocurre en Costa rica, en las escenas entre autor y actriz.<\/p>\n\n\n\n<h3 class=\"wp-block-heading\">Precios<\/h3>\n\n\n\n<figure class=\"wp-block-table\"><table class=\"has-fixed-layout\"><tbody><tr><td><strong>Entrada general<\/strong><\/td><td>8.000<\/td><\/tr><tr><td><strong>Estudiantes y adultos mayores<\/strong><\/td><td>5.500<\/td><\/tr><\/tbody><\/table><\/figure>\n","protected":false},"featured_media":4137,"parent":0,"template":"","class_list":["post-4136","agenda","type-agenda","status-publish","has-post-thumbnail","hentry"],"_links":{"self":[{"href":"https:\/\/peopleofcostarica.com\/es\/wp-json\/wp\/v2\/agenda\/4136","targetHints":{"allow":["GET"]}}],"collection":[{"href":"https:\/\/peopleofcostarica.com\/es\/wp-json\/wp\/v2\/agenda"}],"about":[{"href":"https:\/\/peopleofcostarica.com\/es\/wp-json\/wp\/v2\/types\/agenda"}],"version-history":[{"count":0,"href":"https:\/\/peopleofcostarica.com\/es\/wp-json\/wp\/v2\/agenda\/4136\/revisions"}],"wp:featuredmedia":[{"embeddable":true,"href":"https:\/\/peopleofcostarica.com\/es\/wp-json\/wp\/v2\/media\/4137"}],"wp:attachment":[{"href":"https:\/\/peopleofcostarica.com\/es\/wp-json\/wp\/v2\/media?parent=4136"}],"curies":[{"name":"wp","href":"https:\/\/api.w.org\/{rel}","templated":true}]}}

La audición, obra de teatro

<p>“La audición” es la historia de Nina, una actriz recién graduada en busca de su primera oportunidad, como todo joven profesional. Para eso, va al teatro más importante de la capital a hacer una audición con el autor más grande de toda su generación: monólogo final de Nora de «Casa de muñecas» de Ibsen, monólogo de la locura de Ofelia, de «Hamlet» de Shakespeare, el monólogo de «María Estuardo» frente a Isabel de Inglaterra de Schiller, «Lulú» de Wedekind y la escena final de «Las tres hermanas» de Chejov.&nbsp;</p>



<p>Es una puesta en escena con dos actores maravillosos: Douglas Cubero en el papel del autor, Chéjov y Alice García en el de Nina, quien, bajo la dirección de María Bonilla, hace un recorrido por algunos de los personajes principales de la historia del teatro, en clave cómica y muy vigentes en relación a lo que actualmente ocurre en Costa rica, en las escenas entre autor y actriz.</p>



<h3 class="wp-block-heading">Precios</h3>



<figure class="wp-block-table"><table class="has-fixed-layout"><tbody><tr><td><strong>Entrada general</strong></td><td>8.000</td></tr><tr><td><strong>Estudiantes y adultos mayores</strong></td><td>5.500</td></tr></tbody></table></figure>
