{"id":4124,"date":"2025-05-26T19:45:15","date_gmt":"2025-05-26T19:45:15","guid":{"rendered":"https:\/\/peopleofcostarica.com\/?post_type=agenda&#038;p=4124"},"modified":"2025-05-26T19:45:16","modified_gmt":"2025-05-26T19:45:16","slug":"teatro-al-mediodia-presenta-flamenco-por-el-mundo","status":"publish","type":"agenda","link":"https:\/\/peopleofcostarica.com\/es\/agenda\/teatro-al-mediodia-presenta-flamenco-por-el-mundo\/","title":{"rendered":"Teatro al Mediod\u00eda presenta Flamenco por el mundo"},"content":{"rendered":"\n<p>El Teatro Nacional se complace en presentar en Teatro al Mediod\u00eda el espect\u00e1culo \u00abFlamenco por el mundo\u00bb bajo la direcci\u00f3n de Paulina Peralta.<\/p>\n\n\n\n<p>Sinopsis:<\/p>\n\n\n\n<p>La UNESCO incluy\u00f3 al flamenco en la Lista Representativa del Patrimonio Cultural Inmaterial de la Humanidad el 16 de noviembre del 2010. El Flamenco es un arte para las personas de todas las nacionalidades. El \u00fanico requisito es amarlo e interpretarlo con pasi\u00f3n.La edad no es una limitante, ni\u00f1os, j\u00f3venes, adultos y adultos mayores lo pueden aprender y disfrutar.<\/p>\n\n\n\n<h3 class=\"wp-block-heading\">Precios<\/h3>\n\n\n\n<figure class=\"wp-block-table\"><table class=\"has-fixed-layout\"><tbody><tr><td><strong>Entrada general<\/strong><\/td><td>4.000<\/td><\/tr><tr><td><strong>Estudiantes y adultos mayores<\/strong><\/td><td>2.500<\/td><\/tr><\/tbody><\/table><\/figure>\n","protected":false},"featured_media":4125,"parent":0,"template":"","class_list":["post-4124","agenda","type-agenda","status-publish","has-post-thumbnail","hentry"],"_links":{"self":[{"href":"https:\/\/peopleofcostarica.com\/es\/wp-json\/wp\/v2\/agenda\/4124","targetHints":{"allow":["GET"]}}],"collection":[{"href":"https:\/\/peopleofcostarica.com\/es\/wp-json\/wp\/v2\/agenda"}],"about":[{"href":"https:\/\/peopleofcostarica.com\/es\/wp-json\/wp\/v2\/types\/agenda"}],"version-history":[{"count":0,"href":"https:\/\/peopleofcostarica.com\/es\/wp-json\/wp\/v2\/agenda\/4124\/revisions"}],"wp:featuredmedia":[{"embeddable":true,"href":"https:\/\/peopleofcostarica.com\/es\/wp-json\/wp\/v2\/media\/4125"}],"wp:attachment":[{"href":"https:\/\/peopleofcostarica.com\/es\/wp-json\/wp\/v2\/media?parent=4124"}],"curies":[{"name":"wp","href":"https:\/\/api.w.org\/{rel}","templated":true}]}}

Teatro al Mediodía presenta Flamenco por el mundo

<p>El Teatro Nacional se complace en presentar en Teatro al Mediodía el espectáculo «Flamenco por el mundo» bajo la dirección de Paulina Peralta.</p>



<p>Sinopsis:</p>



<p>La UNESCO incluyó al flamenco en la Lista Representativa del Patrimonio Cultural Inmaterial de la Humanidad el 16 de noviembre del 2010. El Flamenco es un arte para las personas de todas las nacionalidades. El único requisito es amarlo e interpretarlo con pasión.La edad no es una limitante, niños, jóvenes, adultos y adultos mayores lo pueden aprender y disfrutar.</p>



<h3 class="wp-block-heading">Precios</h3>



<figure class="wp-block-table"><table class="has-fixed-layout"><tbody><tr><td><strong>Entrada general</strong></td><td>4.000</td></tr><tr><td><strong>Estudiantes y adultos mayores</strong></td><td>2.500</td></tr></tbody></table></figure>
