{"id":3977,"date":"2025-05-16T20:00:56","date_gmt":"2025-05-16T20:00:56","guid":{"rendered":"https:\/\/peopleofcostarica.com\/?post_type=agenda&#038;p=3977"},"modified":"2025-05-16T20:00:56","modified_gmt":"2025-05-16T20:00:56","slug":"gusticos-que-duran-500-anos","status":"publish","type":"agenda","link":"https:\/\/peopleofcostarica.com\/es\/agenda\/gusticos-que-duran-500-anos\/","title":{"rendered":"Gusticos que duran 500 a\u00f1os"},"content":{"rendered":"\n<p>De Milena Somogyi<\/p>\n\n\n\n<p>En esta exposici\u00f3n, se conjuga el dise\u00f1o gr\u00e1fico, la fotograf\u00eda y la s\u00e1tira con una iron\u00eda contundente.&nbsp;<\/p>\n\n\n\n<p>Los carteles evidencian la contradicci\u00f3n entre lo que aspiramos ser y lo que realmente somos, la paradoja de una sociedad de consumo que, a pesar de saberse insostenible, persiste en sus mismas pr\u00e1cticas.&nbsp;<\/p>\n\n\n\n<p>Es, por tanto, una invitaci\u00f3n a cuestionarnos si el camino que transitamos se alinea con el mundo que deseamos.<\/p>\n\n\n\n<p>Disponible hasta el 19 de mayo 2025.<\/p>\n","protected":false},"featured_media":3978,"parent":0,"template":"","class_list":["post-3977","agenda","type-agenda","status-publish","has-post-thumbnail","hentry"],"_links":{"self":[{"href":"https:\/\/peopleofcostarica.com\/es\/wp-json\/wp\/v2\/agenda\/3977","targetHints":{"allow":["GET"]}}],"collection":[{"href":"https:\/\/peopleofcostarica.com\/es\/wp-json\/wp\/v2\/agenda"}],"about":[{"href":"https:\/\/peopleofcostarica.com\/es\/wp-json\/wp\/v2\/types\/agenda"}],"version-history":[{"count":0,"href":"https:\/\/peopleofcostarica.com\/es\/wp-json\/wp\/v2\/agenda\/3977\/revisions"}],"wp:featuredmedia":[{"embeddable":true,"href":"https:\/\/peopleofcostarica.com\/es\/wp-json\/wp\/v2\/media\/3978"}],"wp:attachment":[{"href":"https:\/\/peopleofcostarica.com\/es\/wp-json\/wp\/v2\/media?parent=3977"}],"curies":[{"name":"wp","href":"https:\/\/api.w.org\/{rel}","templated":true}]}}

Gusticos que duran 500 años

<p>De Milena Somogyi</p>



<p>En esta exposición, se conjuga el diseño gráfico, la fotografía y la sátira con una ironía contundente.&nbsp;</p>



<p>Los carteles evidencian la contradicción entre lo que aspiramos ser y lo que realmente somos, la paradoja de una sociedad de consumo que, a pesar de saberse insostenible, persiste en sus mismas prácticas.&nbsp;</p>



<p>Es, por tanto, una invitación a cuestionarnos si el camino que transitamos se alinea con el mundo que deseamos.</p>



<p>Disponible hasta el 19 de mayo 2025.</p>
