{"id":3959,"date":"2025-05-16T19:37:33","date_gmt":"2025-05-16T19:37:33","guid":{"rendered":"https:\/\/peopleofcostarica.com\/?post_type=agenda&#038;p=3959"},"modified":"2025-05-16T19:37:34","modified_gmt":"2025-05-16T19:37:34","slug":"feria-viva-el-arte-plaza-del-sol","status":"publish","type":"agenda","link":"https:\/\/peopleofcostarica.com\/es\/agenda\/feria-viva-el-arte-plaza-del-sol\/","title":{"rendered":"Feria Viva el Arte &#8211; Plaza del Sol"},"content":{"rendered":"\n<p>Del viernes 16 al domingo 18 de mayo, de 10 a.m. a 7 p.m., el centro comercial Plaza del Sol ser\u00e1 sede de la XIX edici\u00f3n de la Feria Viva el Arte, un evento gratuito que re\u00fane a cerca de 35 artistas visuales y dise\u00f1adores costarricenses. La feria ofrecer\u00e1 al p\u00fablico una experiencia cercana con los creadores, permitiendo conocer sus obras, procesos creativos y visiones art\u00edsticas.\u00a0<\/p>\n\n\n\n<p>Durante tres d\u00edas, los asistentes podr\u00e1n recorrer los distintos stands para interactuar directamente con los artistas, explorar una amplia variedad de t\u00e9cnicas como pintura, escultura, cer\u00e1mica, vidrio, grabado, dibujo, arte digital y objetos de dise\u00f1o, y descubrir propuestas contempor\u00e1neas tanto de creadores consolidados como emergentes.\u00a0<\/p>\n\n\n\n<p>Los artistas elegidos para esta ocasi\u00f3n son Adri\u00e1n G\u00f3mez, Alberto Murillo, Alejandra Segovia, Ana Elena Fern\u00e1ndez, Beatriz Parra, Bernal Castro, Carlos Rod\u00f3, Casa Fage, Fabio Herrera, Fernando Carballo, Francisco Mungu\u00eda, Gabriela Garc\u00eda, Gerald Castro, Gustavo Herrera, Hern\u00e1n Ar\u00e9valo, Jim\u00e9nez &amp; Tanzi, Jorge Crespo, Jos\u00e9 Vargas, Juan Carlos Camacho, Karen Chavarria, Lina Serrano, Loida Pretiz, Magda C\u00f3rdoba, Marcia Salas, Mar\u00eda Gabriela Gonz\u00e1lez, Mar\u00eda Teresa P\u00e9rez, Mario Maffioli, Rebeca Rodr\u00edguez, Rodolfo Stanley, Silas Mart\u00ednez, Silvia Monge, UPE, Ver\u00f3nica Navarro y Xochilt Lezama. La curadur\u00eda de la muestra estuvo a cargo de un comit\u00e9 de expertos liderado por la artista pl\u00e1stica Ana Beatriz S\u00e1nchez, quien ha velado por la diversidad de disciplinas y estilos en la selecci\u00f3n.\u00a0<\/p>\n\n\n\n<p>\u201cGracias al apoyo constante de nuestros aliados, hemos logrado presentar una plataforma s\u00f3lida y profesional desde la primera edici\u00f3n, introduciendo una rica variedad de expresiones art\u00edsticas y \u202fexposiciones invitadas dentro de la feria, adem\u00e1s de promover y exponer el talento nacional. La cuidadosa selecci\u00f3n de participantes ha sido clave para mantener la calidad que distingue a esta feria, convirti\u00e9ndola en un espacio deseado tanto por artistas como por el p\u00fablico, que cada a\u00f1o nos honra con su presencia, su entusiasmo y su deseo de descubrir y adquirir arte\u201d, dijo S\u00e1nchez.\u00a0<\/p>\n\n\n\n<p>Este a\u00f1o, la artista invitada es Loida Pretiz, reconocida por su trayectoria en la formaci\u00f3n, investigaci\u00f3n y promoci\u00f3n del arte costarricense. Su obra se caracteriza por el uso del ensamblaje, t\u00e9cnica con la que transforma materiales encontrados \u2013como marcos de puertas y ventanas antiguas\u2013 en piezas cargadas de memoria, sensibilidad y simbolismo. Su participaci\u00f3n incluir\u00e1 tambi\u00e9n la exposici\u00f3n de obras de colectivos femeninos como Las Papaturras, Bosquemar, Pintarte, Matrices y Cantarrias, formados a lo largo de su trabajo comunitario en el Museo Islita, que dirigi\u00f3 entre 2003 y 2014.\u00a0<\/p>\n\n\n\n<p>Formada en la Universidad de Costa Rica, Loida ha combinado su pr\u00e1ctica art\u00edstica con una labor constante en docencia e investigaci\u00f3n del arte en comunidades rurales de Centroam\u00e9rica. Entre 2020 y 2022 se desempe\u00f1\u00f3 como viceministra de Cultura, adem\u00e1s de ocupar cargos en instancias clave como la Junta Administrativa del Museo de Arte y Dise\u00f1o Contempor\u00e1neo y la Comisi\u00f3n Nacional de Patrimonio Cultural Inmaterial. Ha trabajado como curadora en proyectos que articulan arte, dise\u00f1o y tradici\u00f3n, y en 2009 recibi\u00f3 el Premio Nacional Aquileo J. Echeverr\u00eda en Escultura.\u00a0<\/p>\n\n\n\n<p>Flor Gallardo, historiadora del arte, destaca en el texto curatorial: \u201cSu casa-taller es tanto un sitio de refugio como un territorio vivo, poblado de emociones y sentimientos que se transforman en arte. Pretiz construye y reconstruye casas desde lo emocional, con maderas encontradas, lijadas, engomadas y ensambladas con meticulosidad y alma.\u201d\u00a0<\/p>\n\n\n\n<p>Adem\u00e1s de las exhibiciones, la feria contar\u00e1 con actividades complementarias como talleres y presentaciones art\u00edsticas. La organizaci\u00f3n ha mantenido una trayectoria ininterrumpida durante 19 a\u00f1os, con ediciones en Plaza del Sol y Plaza Mayor, mediante un riguroso proceso de convocatoria abierta.\u00a0<\/p>\n\n\n\n<p>La Feria Viva el Arte es posible gracias al patrocinio de Grupo Auto Mercado, como parte de su compromiso con el desarrollo cultural del pa\u00eds.<\/p>\n\n\n\n<p><\/p>\n\n\n\n<p><\/p>\n","protected":false},"featured_media":3960,"parent":0,"template":"","class_list":["post-3959","agenda","type-agenda","status-publish","has-post-thumbnail","hentry"],"_links":{"self":[{"href":"https:\/\/peopleofcostarica.com\/es\/wp-json\/wp\/v2\/agenda\/3959","targetHints":{"allow":["GET"]}}],"collection":[{"href":"https:\/\/peopleofcostarica.com\/es\/wp-json\/wp\/v2\/agenda"}],"about":[{"href":"https:\/\/peopleofcostarica.com\/es\/wp-json\/wp\/v2\/types\/agenda"}],"version-history":[{"count":0,"href":"https:\/\/peopleofcostarica.com\/es\/wp-json\/wp\/v2\/agenda\/3959\/revisions"}],"wp:featuredmedia":[{"embeddable":true,"href":"https:\/\/peopleofcostarica.com\/es\/wp-json\/wp\/v2\/media\/3960"}],"wp:attachment":[{"href":"https:\/\/peopleofcostarica.com\/es\/wp-json\/wp\/v2\/media?parent=3959"}],"curies":[{"name":"wp","href":"https:\/\/api.w.org\/{rel}","templated":true}]}}

<p>Del viernes 16 al domingo 18 de mayo, de 10 a.m. a 7 p.m., el centro comercial Plaza del Sol será sede de la XIX edición de la Feria Viva el Arte, un evento gratuito que reúne a cerca de 35 artistas visuales y diseñadores costarricenses. La feria ofrecerá al público una experiencia cercana con los creadores, permitiendo conocer sus obras, procesos creativos y visiones artísticas. </p>



<p>Durante tres días, los asistentes podrán recorrer los distintos stands para interactuar directamente con los artistas, explorar una amplia variedad de técnicas como pintura, escultura, cerámica, vidrio, grabado, dibujo, arte digital y objetos de diseño, y descubrir propuestas contemporáneas tanto de creadores consolidados como emergentes. </p>



<p>Los artistas elegidos para esta ocasión son Adrián Gómez, Alberto Murillo, Alejandra Segovia, Ana Elena Fernández, Beatriz Parra, Bernal Castro, Carlos Rodó, Casa Fage, Fabio Herrera, Fernando Carballo, Francisco Munguía, Gabriela García, Gerald Castro, Gustavo Herrera, Hernán Arévalo, Jiménez &amp; Tanzi, Jorge Crespo, José Vargas, Juan Carlos Camacho, Karen Chavarria, Lina Serrano, Loida Pretiz, Magda Córdoba, Marcia Salas, María Gabriela González, María Teresa Pérez, Mario Maffioli, Rebeca Rodríguez, Rodolfo Stanley, Silas Martínez, Silvia Monge, UPE, Verónica Navarro y Xochilt Lezama. La curaduría de la muestra estuvo a cargo de un comité de expertos liderado por la artista plástica Ana Beatriz Sánchez, quien ha velado por la diversidad de disciplinas y estilos en la selección. </p>



<p>“Gracias al apoyo constante de nuestros aliados, hemos logrado presentar una plataforma sólida y profesional desde la primera edición, introduciendo una rica variedad de expresiones artísticas y  exposiciones invitadas dentro de la feria, además de promover y exponer el talento nacional. La cuidadosa selección de participantes ha sido clave para mantener la calidad que distingue a esta feria, convirtiéndola en un espacio deseado tanto por artistas como por el público, que cada año nos honra con su presencia, su entusiasmo y su deseo de descubrir y adquirir arte”, dijo Sánchez. </p>



<p>Este año, la artista invitada es Loida Pretiz, reconocida por su trayectoria en la formación, investigación y promoción del arte costarricense. Su obra se caracteriza por el uso del ensamblaje, técnica con la que transforma materiales encontrados –como marcos de puertas y ventanas antiguas– en piezas cargadas de memoria, sensibilidad y simbolismo. Su participación incluirá también la exposición de obras de colectivos femeninos como Las Papaturras, Bosquemar, Pintarte, Matrices y Cantarrias, formados a lo largo de su trabajo comunitario en el Museo Islita, que dirigió entre 2003 y 2014. </p>



<p>Formada en la Universidad de Costa Rica, Loida ha combinado su práctica artística con una labor constante en docencia e investigación del arte en comunidades rurales de Centroamérica. Entre 2020 y 2022 se desempeñó como viceministra de Cultura, además de ocupar cargos en instancias clave como la Junta Administrativa del Museo de Arte y Diseño Contemporáneo y la Comisión Nacional de Patrimonio Cultural Inmaterial. Ha trabajado como curadora en proyectos que articulan arte, diseño y tradición, y en 2009 recibió el Premio Nacional Aquileo J. Echeverría en Escultura. </p>



<p>Flor Gallardo, historiadora del arte, destaca en el texto curatorial: “Su casa-taller es tanto un sitio de refugio como un territorio vivo, poblado de emociones y sentimientos que se transforman en arte. Pretiz construye y reconstruye casas desde lo emocional, con maderas encontradas, lijadas, engomadas y ensambladas con meticulosidad y alma.” </p>



<p>Además de las exhibiciones, la feria contará con actividades complementarias como talleres y presentaciones artísticas. La organización ha mantenido una trayectoria ininterrumpida durante 19 años, con ediciones en Plaza del Sol y Plaza Mayor, mediante un riguroso proceso de convocatoria abierta. </p>



<p>La Feria Viva el Arte es posible gracias al patrocinio de Grupo Auto Mercado, como parte de su compromiso con el desarrollo cultural del país.</p>



<p></p>



<p></p>
