{"id":15924,"date":"2026-09-03T16:32:21","date_gmt":"2026-09-03T22:32:21","guid":{"rendered":"https:\/\/peopleofcostarica.com\/?post_type=agenda&#038;p=15924"},"modified":"2026-09-03T16:32:25","modified_gmt":"2026-09-03T22:32:25","slug":"cortometrajes-mostraran-historias-de-la-vida-silvestre","status":"publish","type":"agenda","link":"https:\/\/peopleofcostarica.com\/es\/agenda\/cortometrajes-mostraran-historias-de-la-vida-silvestre\/","title":{"rendered":"Cortometrajes mostrar\u00e1n historias de la vida silvestre"},"content":{"rendered":"\n<p class=\"wp-block-paragraph\">El pr\u00f3ximo 17 de septiembre, el Cine Magaly presentar\u00e1 una selecci\u00f3n de cortometrajes sobre la realidad de la vida silvestre y el rescate de animales.<\/p>\n\n\n\n<p class=\"wp-block-paragraph\">Las producciones abordar\u00e1n temas como el tr\u00e1fico y la tenencia ilegal de fauna, as\u00ed como el trabajo de rescate, rehabilitaci\u00f3n y conservaci\u00f3n que realizan organizaciones especializadas.<\/p>\n\n\n\n<p class=\"wp-block-paragraph\">La actividad tambi\u00e9n incluir\u00e1 un documental sobre el traslado de 190 animales tras el cierre de los \u00faltimos zool\u00f3gicos estatales en 2024.<\/p>\n","protected":false},"featured_media":15925,"parent":0,"template":"","class_list":["post-15924","agenda","type-agenda","status-publish","has-post-thumbnail","hentry"],"_links":{"self":[{"href":"https:\/\/peopleofcostarica.com\/es\/wp-json\/wp\/v2\/agenda\/15924","targetHints":{"allow":["GET"]}}],"collection":[{"href":"https:\/\/peopleofcostarica.com\/es\/wp-json\/wp\/v2\/agenda"}],"about":[{"href":"https:\/\/peopleofcostarica.com\/es\/wp-json\/wp\/v2\/types\/agenda"}],"version-history":[{"count":1,"href":"https:\/\/peopleofcostarica.com\/es\/wp-json\/wp\/v2\/agenda\/15924\/revisions"}],"predecessor-version":[{"id":15926,"href":"https:\/\/peopleofcostarica.com\/es\/wp-json\/wp\/v2\/agenda\/15924\/revisions\/15926"}],"wp:featuredmedia":[{"embeddable":true,"href":"https:\/\/peopleofcostarica.com\/es\/wp-json\/wp\/v2\/media\/15925"}],"wp:attachment":[{"href":"https:\/\/peopleofcostarica.com\/es\/wp-json\/wp\/v2\/media?parent=15924"}],"curies":[{"name":"wp","href":"https:\/\/api.w.org\/{rel}","templated":true}]}}

Cortometrajes mostrarán historias de la vida silvestre

<p class="wp-block-paragraph">El próximo 17 de septiembre, el Cine Magaly presentará una selección de cortometrajes sobre la realidad de la vida silvestre y el rescate de animales.</p>



<p class="wp-block-paragraph">Las producciones abordarán temas como el tráfico y la tenencia ilegal de fauna, así como el trabajo de rescate, rehabilitación y conservación que realizan organizaciones especializadas.</p>



<p class="wp-block-paragraph">La actividad también incluirá un documental sobre el traslado de 190 animales tras el cierre de los últimos zoológicos estatales en 2024.</p>
