{"id":15830,"date":"2026-09-01T10:52:30","date_gmt":"2026-09-01T16:52:30","guid":{"rendered":"https:\/\/peopleofcostarica.com\/?post_type=agenda&#038;p=15830"},"modified":"2026-09-01T10:52:31","modified_gmt":"2026-09-01T16:52:31","slug":"fiesta-de-la-lectura-costa-rica-reunira-libros-autores-y-culturas-en-septiembre","status":"publish","type":"agenda","link":"https:\/\/peopleofcostarica.com\/es\/agenda\/fiesta-de-la-lectura-costa-rica-reunira-libros-autores-y-culturas-en-septiembre\/","title":{"rendered":"Fiesta de la Lectura Costa Rica reunir\u00e1 libros, autores y culturas en septiembre"},"content":{"rendered":"\n<p class=\"wp-block-paragraph\">La <strong>quinta edici\u00f3n de la Fiesta de la Lectura Costa Rica<\/strong> se celebrar\u00e1 del <strong>11 al 13 de septiembre de 2026<\/strong> en la <strong>Antigua Aduana, San Jos\u00e9<\/strong>, con la participaci\u00f3n de editoriales, librer\u00edas, escritores, instituciones y proyectos culturales.<\/p>\n\n\n\n<p class=\"wp-block-paragraph\">Organizado por el <strong>Ministerio de Cultura y Juventud<\/strong>, el evento busca fortalecer el acceso a los libros y promover la lectura como un espacio de encuentro, intercambio y descubrimiento.<\/p>\n\n\n\n<p class=\"wp-block-paragraph\">Este a\u00f1o, <strong>Qatar ser\u00e1 el pa\u00eds invitado de honor<\/strong>, incorporando una dimensi\u00f3n internacional a la celebraci\u00f3n y creando un espacio de intercambio entre la literatura y la cultura \u00e1rabe y costarricense.<\/p>\n\n\n\n<p class=\"wp-block-paragraph\">La edici\u00f3n 2026 tambi\u00e9n rendir\u00e1 homenaje al ilustrador, historietista y novelista gr\u00e1fico costarricense <strong>Eduardo \u201cEdo\u201d Brenes<\/strong>, fundador de Pulpo Press, por su contribuci\u00f3n a la narrativa gr\u00e1fica, la ilustraci\u00f3n y la promoci\u00f3n de la lectura a trav\u00e9s de nuevos lenguajes visuales.<\/p>\n\n\n\n<p class=\"wp-block-paragraph\">La programaci\u00f3n estar\u00e1 organizada en tres \u00e1reas: una <strong>Muestra Comercial<\/strong>, con editoriales, librer\u00edas y distribuidores; una <strong>Muestra Autoral<\/strong>, dedicada a escritores y proyectos independientes; y una <strong>Muestra Institucional<\/strong>, que reunir\u00e1 bibliotecas, organizaciones e instituciones relacionadas con el libro y el fomento de la lectura.<\/p>\n\n\n\n<p class=\"wp-block-paragraph\">El p\u00fablico podr\u00e1 conocer la oferta de decenas de participantes y acercarse a diferentes formas de creaci\u00f3n literaria y cultural durante tres d\u00edas en la Antigua Aduana.<\/p>\n","protected":false},"featured_media":15831,"parent":0,"template":"","class_list":["post-15830","agenda","type-agenda","status-publish","has-post-thumbnail","hentry"],"_links":{"self":[{"href":"https:\/\/peopleofcostarica.com\/es\/wp-json\/wp\/v2\/agenda\/15830","targetHints":{"allow":["GET"]}}],"collection":[{"href":"https:\/\/peopleofcostarica.com\/es\/wp-json\/wp\/v2\/agenda"}],"about":[{"href":"https:\/\/peopleofcostarica.com\/es\/wp-json\/wp\/v2\/types\/agenda"}],"version-history":[{"count":1,"href":"https:\/\/peopleofcostarica.com\/es\/wp-json\/wp\/v2\/agenda\/15830\/revisions"}],"predecessor-version":[{"id":15832,"href":"https:\/\/peopleofcostarica.com\/es\/wp-json\/wp\/v2\/agenda\/15830\/revisions\/15832"}],"wp:featuredmedia":[{"embeddable":true,"href":"https:\/\/peopleofcostarica.com\/es\/wp-json\/wp\/v2\/media\/15831"}],"wp:attachment":[{"href":"https:\/\/peopleofcostarica.com\/es\/wp-json\/wp\/v2\/media?parent=15830"}],"curies":[{"name":"wp","href":"https:\/\/api.w.org\/{rel}","templated":true}]}}

Fiesta de la Lectura Costa Rica reunirá libros, autores y culturas en septiembre

<p class="wp-block-paragraph">La <strong>quinta edición de la Fiesta de la Lectura Costa Rica</strong> se celebrará del <strong>11 al 13 de septiembre de 2026</strong> en la <strong>Antigua Aduana, San José</strong>, con la participación de editoriales, librerías, escritores, instituciones y proyectos culturales.</p>



<p class="wp-block-paragraph">Organizado por el <strong>Ministerio de Cultura y Juventud</strong>, el evento busca fortalecer el acceso a los libros y promover la lectura como un espacio de encuentro, intercambio y descubrimiento.</p>



<p class="wp-block-paragraph">Este año, <strong>Qatar será el país invitado de honor</strong>, incorporando una dimensión internacional a la celebración y creando un espacio de intercambio entre la literatura y la cultura árabe y costarricense.</p>



<p class="wp-block-paragraph">La edición 2026 también rendirá homenaje al ilustrador, historietista y novelista gráfico costarricense <strong>Eduardo “Edo” Brenes</strong>, fundador de Pulpo Press, por su contribución a la narrativa gráfica, la ilustración y la promoción de la lectura a través de nuevos lenguajes visuales.</p>



<p class="wp-block-paragraph">La programación estará organizada en tres áreas: una <strong>Muestra Comercial</strong>, con editoriales, librerías y distribuidores; una <strong>Muestra Autoral</strong>, dedicada a escritores y proyectos independientes; y una <strong>Muestra Institucional</strong>, que reunirá bibliotecas, organizaciones e instituciones relacionadas con el libro y el fomento de la lectura.</p>



<p class="wp-block-paragraph">El público podrá conocer la oferta de decenas de participantes y acercarse a diferentes formas de creación literaria y cultural durante tres días en la Antigua Aduana.</p>
