{"id":12677,"date":"2026-04-29T09:35:04","date_gmt":"2026-04-29T15:35:04","guid":{"rendered":"https:\/\/peopleofcostarica.com\/?post_type=agenda&#038;p=12677"},"modified":"2026-04-29T09:35:05","modified_gmt":"2026-04-29T15:35:05","slug":"celebracion-139-aniversario-del-museo-nacional-de-costa-rica","status":"publish","type":"agenda","link":"https:\/\/peopleofcostarica.com\/es\/agenda\/celebracion-139-aniversario-del-museo-nacional-de-costa-rica\/","title":{"rendered":"Celebraci\u00f3n 139 aniversario del Museo Nacional de Costa Rica"},"content":{"rendered":"\n<p>El domingo 3 de mayo, el Museo Nacional de Costa Rica celebrar\u00e1 su aniversario 139 con una jornada cultural gratuita para nacionales y residentes, que incluye talleres de m\u00e1scaras borucas y arte textil, visitas guiadas a varias exhibiciones hist\u00f3ricas, un concierto de m\u00fasica popular con la Banda Nacional de San Jos\u00e9, un espect\u00e1culo de danza contempor\u00e1nea y un mercadito de artesan\u00edas y comidas tradicionales de Costa Rica, Brasil y Venezuela, todo entre las 9 a.m. y las 4 p.m.<\/p>\n","protected":false},"featured_media":12678,"parent":0,"template":"","class_list":["post-12677","agenda","type-agenda","status-publish","has-post-thumbnail","hentry"],"_links":{"self":[{"href":"https:\/\/peopleofcostarica.com\/es\/wp-json\/wp\/v2\/agenda\/12677","targetHints":{"allow":["GET"]}}],"collection":[{"href":"https:\/\/peopleofcostarica.com\/es\/wp-json\/wp\/v2\/agenda"}],"about":[{"href":"https:\/\/peopleofcostarica.com\/es\/wp-json\/wp\/v2\/types\/agenda"}],"version-history":[{"count":2,"href":"https:\/\/peopleofcostarica.com\/es\/wp-json\/wp\/v2\/agenda\/12677\/revisions"}],"predecessor-version":[{"id":12686,"href":"https:\/\/peopleofcostarica.com\/es\/wp-json\/wp\/v2\/agenda\/12677\/revisions\/12686"}],"wp:featuredmedia":[{"embeddable":true,"href":"https:\/\/peopleofcostarica.com\/es\/wp-json\/wp\/v2\/media\/12678"}],"wp:attachment":[{"href":"https:\/\/peopleofcostarica.com\/es\/wp-json\/wp\/v2\/media?parent=12677"}],"curies":[{"name":"wp","href":"https:\/\/api.w.org\/{rel}","templated":true}]}}

Celebración 139 aniversario del Museo Nacional de Costa Rica

<p>El domingo 3 de mayo, el Museo Nacional de Costa Rica celebrará su aniversario 139 con una jornada cultural gratuita para nacionales y residentes, que incluye talleres de máscaras borucas y arte textil, visitas guiadas a varias exhibiciones históricas, un concierto de música popular con la Banda Nacional de San José, un espectáculo de danza contemporánea y un mercadito de artesanías y comidas tradicionales de Costa Rica, Brasil y Venezuela, todo entre las 9 a.m. y las 4 p.m.</p>
