{"id":12661,"date":"2026-04-28T15:42:03","date_gmt":"2026-04-28T21:42:03","guid":{"rendered":"https:\/\/peopleofcostarica.com\/?post_type=agenda&#038;p=12661"},"modified":"2026-04-28T15:42:05","modified_gmt":"2026-04-28T21:42:05","slug":"taller-colaborativo-en-cartago-ayudara-a-emprendedores-a-mejorar-su-presencia-en-redes-sociales","status":"publish","type":"agenda","link":"https:\/\/peopleofcostarica.com\/es\/agenda\/taller-colaborativo-en-cartago-ayudara-a-emprendedores-a-mejorar-su-presencia-en-redes-sociales\/","title":{"rendered":"Taller colaborativo en Cartago ayudar\u00e1 a emprendedores a mejorar su presencia en redes sociales"},"content":{"rendered":"\n<p>La Comunidad de WordPress Cartago realizar\u00e1 el&nbsp;<strong>s\u00e1bado 16 de mayo a las 9:00 a.m.<\/strong>&nbsp;el&nbsp;<em>Workshop Co-creativo: Potencia tu Emprendimiento en Redes Sociales<\/em>&nbsp;en el Laboratorio de Innovaci\u00f3n Beenova (COVAO). Esta actividad gratuita forma parte de los eventos preparatorios rumbo al WordCamp Costa Rica 2026 y est\u00e1 dirigida a emprendedores y peque\u00f1os negocios que deseen fortalecer su presencia digital en plataformas como Instagram, Facebook y LinkedIn.<\/p>\n\n\n\n<p>A trav\u00e9s de una metodolog\u00eda pr\u00e1ctica y colaborativa, los participantes trabajar\u00e1n directamente en la optimizaci\u00f3n de sus propios perfiles digitales con el acompa\u00f1amiento de miembros expertos de la comunidad WordPress. El cupo es limitado y se requiere asistir con computadora port\u00e1til y una cuenta de Gmail asociada al emprendimiento para poder participar activamente en la jornada.<\/p>\n\n\n\n<div class=\"wp-block-buttons is-content-justification-center is-layout-flex wp-container-core-buttons-is-layout-a89b3969 wp-block-buttons-is-layout-flex\">\n<div class=\"wp-block-button is-style-fill\"><a class=\"wp-block-button__link has-vivid-green-cyan-background-color has-background wp-element-button\" href=\"https:\/\/peopleofcostarica.com\/es\/cartago-albergara-un-workshop-colaborativo-para-potenciar-la-presencia-digital-de-emprendedores\/\">Articulo<\/a><\/div>\n<\/div>\n\n\n\n<p><\/p>\n","protected":false},"featured_media":12653,"parent":0,"template":"","class_list":["post-12661","agenda","type-agenda","status-publish","has-post-thumbnail","hentry"],"_links":{"self":[{"href":"https:\/\/peopleofcostarica.com\/es\/wp-json\/wp\/v2\/agenda\/12661","targetHints":{"allow":["GET"]}}],"collection":[{"href":"https:\/\/peopleofcostarica.com\/es\/wp-json\/wp\/v2\/agenda"}],"about":[{"href":"https:\/\/peopleofcostarica.com\/es\/wp-json\/wp\/v2\/types\/agenda"}],"version-history":[{"count":1,"href":"https:\/\/peopleofcostarica.com\/es\/wp-json\/wp\/v2\/agenda\/12661\/revisions"}],"predecessor-version":[{"id":12662,"href":"https:\/\/peopleofcostarica.com\/es\/wp-json\/wp\/v2\/agenda\/12661\/revisions\/12662"}],"wp:featuredmedia":[{"embeddable":true,"href":"https:\/\/peopleofcostarica.com\/es\/wp-json\/wp\/v2\/media\/12653"}],"wp:attachment":[{"href":"https:\/\/peopleofcostarica.com\/es\/wp-json\/wp\/v2\/media?parent=12661"}],"curies":[{"name":"wp","href":"https:\/\/api.w.org\/{rel}","templated":true}]}}

Taller colaborativo en Cartago ayudará a emprendedores a mejorar su presencia en redes sociales

<p>La Comunidad de WordPress Cartago realizará el&nbsp;<strong>sábado 16 de mayo a las 9:00 a.m.</strong>&nbsp;el&nbsp;<em>Workshop Co-creativo: Potencia tu Emprendimiento en Redes Sociales</em>&nbsp;en el Laboratorio de Innovación Beenova (COVAO). Esta actividad gratuita forma parte de los eventos preparatorios rumbo al WordCamp Costa Rica 2026 y está dirigida a emprendedores y pequeños negocios que deseen fortalecer su presencia digital en plataformas como Instagram, Facebook y LinkedIn.</p>



<p>A través de una metodología práctica y colaborativa, los participantes trabajarán directamente en la optimización de sus propios perfiles digitales con el acompañamiento de miembros expertos de la comunidad WordPress. El cupo es limitado y se requiere asistir con computadora portátil y una cuenta de Gmail asociada al emprendimiento para poder participar activamente en la jornada.</p>



<div class="wp-block-buttons is-content-justification-center is-layout-flex wp-container-core-buttons-is-layout-a89b3969 wp-block-buttons-is-layout-flex">
<div class="wp-block-button is-style-fill"><a class="wp-block-button__link has-vivid-green-cyan-background-color has-background wp-element-button" href="https://peopleofcostarica.com/es/cartago-albergara-un-workshop-colaborativo-para-potenciar-la-presencia-digital-de-emprendedores/">Articulo</a></div>
</div>



<p></p>
