{"id":12649,"date":"2026-04-28T11:39:02","date_gmt":"2026-04-28T17:39:02","guid":{"rendered":"https:\/\/peopleofcostarica.com\/?post_type=agenda&#038;p=12649"},"modified":"2026-04-28T11:39:02","modified_gmt":"2026-04-28T17:39:02","slug":"conferencia-sobre-jades-antiguos-y-practicas-funerarias","status":"publish","type":"agenda","link":"https:\/\/peopleofcostarica.com\/es\/agenda\/conferencia-sobre-jades-antiguos-y-practicas-funerarias\/","title":{"rendered":"Conferencia sobre jades antiguos y pr\u00e1cticas funerarias"},"content":{"rendered":"\n<p>El&nbsp;<strong>mi\u00e9rcoles 29 de abril de 2026 a las 6:00 p.m.<\/strong>, se realizar\u00e1 la conferencia&nbsp;<strong>\u201cJades tempranos, pr\u00e1cticas funerarias y conservaci\u00f3n excepcional en la costa del Golfo de Nicoya\u201d<\/strong>, presentada por&nbsp;<strong>Felipe Sol\u00eds Del Vecchio<\/strong>, del&nbsp;<em>Departamento de Antropolog\u00eda e Historia del Museo Nacional de Costa Rica<\/em>. La conferencia explorar\u00e1 investigaciones arqueol\u00f3gicas relacionadas con la utilizaci\u00f3n del jade en contextos rituales y funerarios en regiones antiguas como la del Golfo de Nicoya, donde se han encontrado artefactos precolombinos de gran importancia hist\u00f3rica.<\/p>\n\n\n\n<p>El evento se llevar\u00e1 a cabo en el auditorio del&nbsp;<strong>Museo del Jade y la Cultura Precolombina<\/strong>&nbsp;ubicado en San Jos\u00e9. La actividad es&nbsp;<strong>gratuita y no requiere reservaci\u00f3n previa<\/strong>, por lo que est\u00e1 abierta al p\u00fablico interesado en la historia precolombina costarricense y la arqueolog\u00eda del jade.&nbsp;<\/p>\n","protected":false},"featured_media":12650,"parent":0,"template":"","class_list":["post-12649","agenda","type-agenda","status-publish","has-post-thumbnail","hentry"],"_links":{"self":[{"href":"https:\/\/peopleofcostarica.com\/es\/wp-json\/wp\/v2\/agenda\/12649","targetHints":{"allow":["GET"]}}],"collection":[{"href":"https:\/\/peopleofcostarica.com\/es\/wp-json\/wp\/v2\/agenda"}],"about":[{"href":"https:\/\/peopleofcostarica.com\/es\/wp-json\/wp\/v2\/types\/agenda"}],"version-history":[{"count":1,"href":"https:\/\/peopleofcostarica.com\/es\/wp-json\/wp\/v2\/agenda\/12649\/revisions"}],"predecessor-version":[{"id":12651,"href":"https:\/\/peopleofcostarica.com\/es\/wp-json\/wp\/v2\/agenda\/12649\/revisions\/12651"}],"wp:featuredmedia":[{"embeddable":true,"href":"https:\/\/peopleofcostarica.com\/es\/wp-json\/wp\/v2\/media\/12650"}],"wp:attachment":[{"href":"https:\/\/peopleofcostarica.com\/es\/wp-json\/wp\/v2\/media?parent=12649"}],"curies":[{"name":"wp","href":"https:\/\/api.w.org\/{rel}","templated":true}]}}

Conferencia sobre jades antiguos y prácticas funerarias

<p>El&nbsp;<strong>miércoles 29 de abril de 2026 a las 6:00 p.m.</strong>, se realizará la conferencia&nbsp;<strong>“Jades tempranos, prácticas funerarias y conservación excepcional en la costa del Golfo de Nicoya”</strong>, presentada por&nbsp;<strong>Felipe Solís Del Vecchio</strong>, del&nbsp;<em>Departamento de Antropología e Historia del Museo Nacional de Costa Rica</em>. La conferencia explorará investigaciones arqueológicas relacionadas con la utilización del jade en contextos rituales y funerarios en regiones antiguas como la del Golfo de Nicoya, donde se han encontrado artefactos precolombinos de gran importancia histórica.</p>



<p>El evento se llevará a cabo en el auditorio del&nbsp;<strong>Museo del Jade y la Cultura Precolombina</strong>&nbsp;ubicado en San José. La actividad es&nbsp;<strong>gratuita y no requiere reservación previa</strong>, por lo que está abierta al público interesado en la historia precolombina costarricense y la arqueología del jade.&nbsp;</p>
