{"id":12612,"date":"2026-04-26T13:40:21","date_gmt":"2026-04-26T19:40:21","guid":{"rendered":"https:\/\/peopleofcostarica.com\/?post_type=agenda&#038;p=12612"},"modified":"2026-04-26T13:40:22","modified_gmt":"2026-04-26T19:40:22","slug":"la-una-celebra-el-dia-del-jazz-con-conciertos-gratuitos-en-heredia","status":"publish","type":"agenda","link":"https:\/\/peopleofcostarica.com\/es\/agenda\/la-una-celebra-el-dia-del-jazz-con-conciertos-gratuitos-en-heredia\/","title":{"rendered":"La UNA celebra el D\u00eda del Jazz con conciertos gratuitos en Heredia"},"content":{"rendered":"\n<h2 class=\"wp-block-heading\"><strong>Resumen del evento<\/strong><\/h2>\n\n\n\n<p>La Universidad Nacional de Costa Rica (UNA) celebrar\u00e1 el D\u00eda del Jazz con una jornada cultural gratuita en Heredia que reunir\u00e1 conciertos, improvisaci\u00f3n musical y encuentros art\u00edsticos abiertos al p\u00fablico.<\/p>\n\n\n\n<p>El evento busca conmemorar el jazz como un lenguaje musical vivo basado en la improvisaci\u00f3n y el di\u00e1logo entre disciplinas. La actividad se desarrollar\u00e1 en el Centro para las Artes del campus Omar Dengo y contar\u00e1 con la participaci\u00f3n de distintos ensambles y m\u00fasicos de la Escuela de M\u00fasica de la UNA.<\/p>\n\n\n\n<p>La programaci\u00f3n est\u00e1 dise\u00f1ada para acercar este g\u00e9nero a nuevas audiencias, promoviendo la participaci\u00f3n estudiantil y el intercambio art\u00edstico en un espacio acad\u00e9mico y cultural.<\/p>\n","protected":false},"featured_media":12613,"parent":0,"template":"","class_list":["post-12612","agenda","type-agenda","status-publish","has-post-thumbnail","hentry"],"_links":{"self":[{"href":"https:\/\/peopleofcostarica.com\/es\/wp-json\/wp\/v2\/agenda\/12612","targetHints":{"allow":["GET"]}}],"collection":[{"href":"https:\/\/peopleofcostarica.com\/es\/wp-json\/wp\/v2\/agenda"}],"about":[{"href":"https:\/\/peopleofcostarica.com\/es\/wp-json\/wp\/v2\/types\/agenda"}],"version-history":[{"count":1,"href":"https:\/\/peopleofcostarica.com\/es\/wp-json\/wp\/v2\/agenda\/12612\/revisions"}],"predecessor-version":[{"id":12614,"href":"https:\/\/peopleofcostarica.com\/es\/wp-json\/wp\/v2\/agenda\/12612\/revisions\/12614"}],"wp:featuredmedia":[{"embeddable":true,"href":"https:\/\/peopleofcostarica.com\/es\/wp-json\/wp\/v2\/media\/12613"}],"wp:attachment":[{"href":"https:\/\/peopleofcostarica.com\/es\/wp-json\/wp\/v2\/media?parent=12612"}],"curies":[{"name":"wp","href":"https:\/\/api.w.org\/{rel}","templated":true}]}}

La UNA celebra el Día del Jazz con conciertos gratuitos en Heredia

<h2 class="wp-block-heading"><strong>Resumen del evento</strong></h2>



<p>La Universidad Nacional de Costa Rica (UNA) celebrará el Día del Jazz con una jornada cultural gratuita en Heredia que reunirá conciertos, improvisación musical y encuentros artísticos abiertos al público.</p>



<p>El evento busca conmemorar el jazz como un lenguaje musical vivo basado en la improvisación y el diálogo entre disciplinas. La actividad se desarrollará en el Centro para las Artes del campus Omar Dengo y contará con la participación de distintos ensambles y músicos de la Escuela de Música de la UNA.</p>



<p>La programación está diseñada para acercar este género a nuevas audiencias, promoviendo la participación estudiantil y el intercambio artístico en un espacio académico y cultural.</p>
