{"id":12573,"date":"2026-04-26T13:12:09","date_gmt":"2026-04-26T19:12:09","guid":{"rendered":"https:\/\/peopleofcostarica.com\/?post_type=agenda&#038;p=12573"},"modified":"2026-04-26T13:12:10","modified_gmt":"2026-04-26T19:12:10","slug":"festival-de-cine-latinoamericano-contemporaneo-2026","status":"publish","type":"agenda","link":"https:\/\/peopleofcostarica.com\/es\/agenda\/festival-de-cine-latinoamericano-contemporaneo-2026\/","title":{"rendered":"Festival de Cine Latinoamericano Contempor\u00e1neo 2026"},"content":{"rendered":"\n<p>La segunda edici\u00f3n del Festival de Cine Latinoamericano Contempor\u00e1neo se celebrar\u00e1 en Costa Rica como un espacio dedicado a acercar al p\u00fablico a lo mejor del cine reciente de la regi\u00f3n. El evento reunir\u00e1 producciones de 13 pa\u00edses latinoamericanos, consolid\u00e1ndose como una plataforma de intercambio cultural y art\u00edstico.<\/p>\n\n\n\n<p>M\u00e1s all\u00e1 de las proyecciones, el festival busca ofrecer una experiencia integral, incorporando actividades culturales paralelas como muestras gastron\u00f3micas, artesan\u00edas y espacios de encuentro con representantes de los pa\u00edses participantes. Esta propuesta refuerza el papel del cine como herramienta de conexi\u00f3n entre culturas y de reflexi\u00f3n sobre las realidades contempor\u00e1neas de Am\u00e9rica Latina.&nbsp;<\/p>\n\n\n\n<p>El festival forma parte de una tendencia regional de fortalecer espacios de difusi\u00f3n cinematogr\u00e1fica, promoviendo tanto la diversidad de narrativas como el acceso gratuito a contenidos culturales de calidad.<\/p>\n","protected":false},"featured_media":12574,"parent":0,"template":"","class_list":["post-12573","agenda","type-agenda","status-publish","has-post-thumbnail","hentry"],"_links":{"self":[{"href":"https:\/\/peopleofcostarica.com\/es\/wp-json\/wp\/v2\/agenda\/12573","targetHints":{"allow":["GET"]}}],"collection":[{"href":"https:\/\/peopleofcostarica.com\/es\/wp-json\/wp\/v2\/agenda"}],"about":[{"href":"https:\/\/peopleofcostarica.com\/es\/wp-json\/wp\/v2\/types\/agenda"}],"version-history":[{"count":1,"href":"https:\/\/peopleofcostarica.com\/es\/wp-json\/wp\/v2\/agenda\/12573\/revisions"}],"predecessor-version":[{"id":12575,"href":"https:\/\/peopleofcostarica.com\/es\/wp-json\/wp\/v2\/agenda\/12573\/revisions\/12575"}],"wp:featuredmedia":[{"embeddable":true,"href":"https:\/\/peopleofcostarica.com\/es\/wp-json\/wp\/v2\/media\/12574"}],"wp:attachment":[{"href":"https:\/\/peopleofcostarica.com\/es\/wp-json\/wp\/v2\/media?parent=12573"}],"curies":[{"name":"wp","href":"https:\/\/api.w.org\/{rel}","templated":true}]}}

Festival de Cine Latinoamericano Contemporáneo 2026

<p>La segunda edición del Festival de Cine Latinoamericano Contemporáneo se celebrará en Costa Rica como un espacio dedicado a acercar al público a lo mejor del cine reciente de la región. El evento reunirá producciones de 13 países latinoamericanos, consolidándose como una plataforma de intercambio cultural y artístico.</p>



<p>Más allá de las proyecciones, el festival busca ofrecer una experiencia integral, incorporando actividades culturales paralelas como muestras gastronómicas, artesanías y espacios de encuentro con representantes de los países participantes. Esta propuesta refuerza el papel del cine como herramienta de conexión entre culturas y de reflexión sobre las realidades contemporáneas de América Latina.&nbsp;</p>



<p>El festival forma parte de una tendencia regional de fortalecer espacios de difusión cinematográfica, promoviendo tanto la diversidad de narrativas como el acceso gratuito a contenidos culturales de calidad.</p>
