{"id":12498,"date":"2026-04-26T12:25:48","date_gmt":"2026-04-26T18:25:48","guid":{"rendered":"https:\/\/peopleofcostarica.com\/?post_type=agenda&#038;p=12498"},"modified":"2026-04-26T12:25:49","modified_gmt":"2026-04-26T18:25:49","slug":"festival-calicanto-vuelve-a-cartago-con-una-semana-dedicada-al-arte-y-la-comunidad","status":"publish","type":"agenda","link":"https:\/\/peopleofcostarica.com\/es\/agenda\/festival-calicanto-vuelve-a-cartago-con-una-semana-dedicada-al-arte-y-la-comunidad\/","title":{"rendered":"Festival Calicanto vuelve a Cartago con una semana dedicada al arte y la comunidad"},"content":{"rendered":"\n<p><\/p>\n\n\n\n<p>El <strong>Festival Calicanto<\/strong> regresa a <strong>Cartago<\/strong> como un encuentro cultural que transforma espacios p\u00fablicos en escenarios de creaci\u00f3n colectiva. Durante una semana, el festival re\u00fane a artistas, colectivos culturales, vecinos y visitantes en torno a talleres, presentaciones esc\u00e9nicas, m\u00fasica, intervenciones urbanas y actividades pensadas para todas las edades.<\/p>\n\n\n\n<p>La propuesta del festival se centra en <strong>activar la vida comunitaria a trav\u00e9s del arte<\/strong>, promoviendo el uso del espacio p\u00fablico como lugar de encuentro, expresi\u00f3n y participaci\u00f3n ciudadana. Calicanto se ha consolidado como una iniciativa que impulsa el acceso democr\u00e1tico a la cultura y fortalece el tejido social mediante experiencias art\u00edsticas abiertas y gratuitas.<\/p>\n\n\n\n<p>Adem\u00e1s de espect\u00e1culos y exhibiciones, el festival incluye espacios formativos, ferias creativas y actividades colaborativas que invitan a la comunidad a ser parte activa del proceso cultural, no solo como espectadores, sino como protagonistas.<\/p>\n","protected":false},"featured_media":12499,"parent":0,"template":"","class_list":["post-12498","agenda","type-agenda","status-publish","has-post-thumbnail","hentry"],"_links":{"self":[{"href":"https:\/\/peopleofcostarica.com\/es\/wp-json\/wp\/v2\/agenda\/12498","targetHints":{"allow":["GET"]}}],"collection":[{"href":"https:\/\/peopleofcostarica.com\/es\/wp-json\/wp\/v2\/agenda"}],"about":[{"href":"https:\/\/peopleofcostarica.com\/es\/wp-json\/wp\/v2\/types\/agenda"}],"version-history":[{"count":1,"href":"https:\/\/peopleofcostarica.com\/es\/wp-json\/wp\/v2\/agenda\/12498\/revisions"}],"predecessor-version":[{"id":12500,"href":"https:\/\/peopleofcostarica.com\/es\/wp-json\/wp\/v2\/agenda\/12498\/revisions\/12500"}],"wp:featuredmedia":[{"embeddable":true,"href":"https:\/\/peopleofcostarica.com\/es\/wp-json\/wp\/v2\/media\/12499"}],"wp:attachment":[{"href":"https:\/\/peopleofcostarica.com\/es\/wp-json\/wp\/v2\/media?parent=12498"}],"curies":[{"name":"wp","href":"https:\/\/api.w.org\/{rel}","templated":true}]}}

<p></p>



<p>El <strong>Festival Calicanto</strong> regresa a <strong>Cartago</strong> como un encuentro cultural que transforma espacios públicos en escenarios de creación colectiva. Durante una semana, el festival reúne a artistas, colectivos culturales, vecinos y visitantes en torno a talleres, presentaciones escénicas, música, intervenciones urbanas y actividades pensadas para todas las edades.</p>



<p>La propuesta del festival se centra en <strong>activar la vida comunitaria a través del arte</strong>, promoviendo el uso del espacio público como lugar de encuentro, expresión y participación ciudadana. Calicanto se ha consolidado como una iniciativa que impulsa el acceso democrático a la cultura y fortalece el tejido social mediante experiencias artísticas abiertas y gratuitas.</p>



<p>Además de espectáculos y exhibiciones, el festival incluye espacios formativos, ferias creativas y actividades colaborativas que invitan a la comunidad a ser parte activa del proceso cultural, no solo como espectadores, sino como protagonistas.</p>
